W/PackageManager( 1176): Unknown permission com.android.launcher.permission.READ _SETTINGS in package com.cleanmaster.mguard
W/PackageManager( 1176): Unknown permission com.android.launcher.permission.WRIT E_SETTINGS in package com.cleanmaster.mguard
W/PackageManager( 1176): Not granting permission android.permission.MOUNT_UNMOUN T_FILESYSTEMS to package com.cleanmaster.mguard (protectionLevel=18 flags=0x88be 04)
W/PackageManager( 1176): Not granting permission android.permission.SET_ORIENTAT ION to package com.nekki.vector (protectionLevel=2 flags=0x80be44)
W/PackageManager( 1176): Not granting permission android.permission.DEVICE_POWER to package com.nekki.vector (protectionLevel=2 flags=0x80be44)
W/PackageManager( 1176): Not granting permission android.permission.CHANGE_CONFI GURATION to package jp.co.c_lis.ccl.morelocale (protectionLevel=50 flags=0x88be4 4)
W/PackageManager( 1176): Not granting permission android.permission.CHANGE_COMPO NENT_ENABLED_STATE to package com.jiubang.goscreenlock.theme.unl (protectionLeve l=18 flags=0xbe44)
W/PackageManager( 1176): Unknown permission com.google.android.gallery3d.permiss ion.PICASA_STORE in package com.google.android.apps.plus
W/PackageManager( 1176): Not granting permission android.permission.SEND_DOWNLOA D_COMPLETED_INTENTS to package com.android.vending (protectionLevel=2 flags=0x8a be45)
W/PackageManager( 1176): Unknown permission android.permission.ACCESS_4G_RADIO_D ISABLE in package com.android.systemui
W/PackageManager( 1176): Unknown permission android.permission.ACCESS_4G_STATE i n package com.android.systemui
W/PackageManager( 1176): Unknown permission android.permission.CHANGE_4G_STATE i n package com.android.systemui
W/PackageManager( 1176): Unknown permission la.droid.qr.History.read in package la.droid.qr
W/PackageManager( 1176): Unknown permission la.droid.qr.BizCard.read in package

la.droid.qr
W/PackageManager( 1176): Unknown permission .PERMISSION in package com.estrongs. android.pop
W/PackageManager( 1176): Not granting permission android.permission.CHANGE_COMPO NENT_ENABLED_STATE to package com.jiubang.goscreenlock.theme.zheartbeatfree (pro tectionLevel=18 flags=0xbe44)
W/PackageManager( 1176): Not granting permission android.permission.DEVICE_POWER to package com.android.deskclock (protectionLevel=2 flags=0x88be45)
W/PackageManager( 1176): Unknown permission com.android.deskclock.worldclock.per missions.WRITE_DATABASE in package com.android.deskclock
W/PackageManager( 1176): Not granting permission android.permission.READ_DREAM_S TATE to package com.google.android.gsf (protectionLevel=2 flags=0x883e45)
W/PackageManager( 1176): Not granting permission android.permission.STATUS_BAR t o package com.jiubang.goscreenlock (protectionLevel=18 flags=0x90be44)
W/PackageManager( 1176): Not granting permission android.permission.SET_PREFERRE D_APPLICATIONS to package com.jiubang.goscreenlock (protectionLevel=2 flags=0x90 be44)
W/PackageManager( 1176): Not granting permission android.permission.MODIFY_PHONE _STATE to package com.jiubang.goscreenlock (protectionLevel=18 flags=0x90be44)
W/PackageManager( 1176): Not granting permission android.permission.DEVICE_POWER to package com.asksven.betterbatterystats_xdaedition (protectionLevel=2 flags=0 x88be46)
W/PackageManager( 1176): Not granting permission android.permission.READ_LOGS to package com.asksven.betterbatterystats_xdaedition (protectionLevel=50 flags=0x8 8be46)
I/ActivityManager( 1176): Config changes=8 {1.0 ?mcc?mnc es_ES ldltr sw360dp w36 0dp h614dp 240dpi nrml long port ?uimode ?night finger -keyb/v/h -nav/h s.3 them eResource=null}
I/SystemServer( 1176): Wi-Fi Service
I/SystemServer( 1176): Connectivity Service
D/ConnectivityService( 1176): ConnectivityService starting up
E/ConnectivityService( 1176): Ignoring protectedNetwork 10
E/ConnectivityService( 1176): Ignoring protectedNetwork 11
E/ConnectivityService( 1176): Ignoring protectedNetwork 12
W/ContextImpl( 1176): Calling a method in the system process without a qualified user: android.app.ContextImpl.bindService:1458 android.bluetooth.BluetoothPan.< init>:141 android.bluetooth.BluetoothAdapter.getProfileProxy:1172 android.blueto oth.BluetoothTetheringDataTracker.startMonitoring:110 com.android.server.Connect ivityService.<init>:528
E/MobileDataStateTracker( 1176): default: Ignoring feature request because could not acquire PhoneService
E/MobileDataStateTracker( 1176): default: Could not enable APN type "default"
I/WifiService( 1176): WifiService starting up with Wi-Fi enabled
D/WifiService( 1176): setWifiEnabled: true pid=1176, uid=1000
I/SystemServer( 1176): Network Service Discovery Service
D/NsdService( 1176): Network service discovery enabled true
I/SystemServer( 1176): Throttle Service
I/SystemServer( 1176): FM receiver Service
I/SystemServer( 1176): FM transmitter Service
I/SystemServer( 1176): UpdateLock Service
I/SystemServer( 1176): Profile Manager
I/SystemServer( 1176): Notification Manager
I/SystemServer( 1176): Device Storage Monitor
I/SystemServer( 1176): Location Manager
I/SystemServer( 1176): Country Detector
I/SystemServer( 1176): Search Service
I/SystemServer( 1176): DropBox Service
I/SystemServer( 1176): Wallpaper Service
I/SystemServer( 1176): Audio Service
I/SystemServer( 1176): Dock Observer

I/SystemServer( 1176): Wired Accessory Observer
I/SystemServer( 1176): USB Service
I/SystemServer( 1176): Serial Service
I/SystemServer( 1176): Twilight Service
I/SystemServer( 1176): UI Mode Manager Service
I/SystemServer( 1176): Backup Service
V/BackupManagerService( 1176): No ancestral data
I/BackupManagerService( 1176): Found stale backup journal, scheduling
I/BackupManagerService( 1176): android
I/BackupManagerService( 1176): com.android.browser
I/BackupManagerService( 1176): com.android.inputmethod.latin
I/BackupManagerService( 1176): com.android.nfc
I/BackupManagerService( 1176): com.android.providers.settings
I/BackupManagerService( 1176): com.android.providers.telephony
I/BackupManagerService( 1176): com.android.sharedstoragebackup
I/BackupManagerService( 1176): com.android.vending
I/BackupManagerService( 1176): com.glu.contractkiller2
I/BackupManagerService( 1176): com.glu.ewarriors2
I/BackupManagerService( 1176): com.glu.gladiator2
I/BackupManagerService( 1176): com.google.android.calendar
I/BackupManagerService( 1176): com.google.android.gm
I/BackupManagerService( 1176): com.google.android.marvin.talkback
I/BackupManagerService( 1176): com.google.android.talk
I/BackupManagerService( 1176): com.latedroid.juicedefender
I/BackupManagerService( 1176): com.rhmsoft.fm
I/BackupManagerService( 1176): net.nurik.roman.dashclock
I/BackupManagerService( 1176): Backup enabled => false
I/SystemServer( 1176): AppWidget Service
I/SystemServer( 1176): Recognition Service
I/SystemServer( 1176): DiskStats Service
I/SystemServer( 1176): SamplingProfiler Service
I/SystemServer( 1176): NetworkTimeUpdateService
I/SystemServer( 1176): CommonTimeManagementService
I/SystemServer( 1176): CertBlacklister
I/SystemServer( 1176): Dreams Service
I/SystemServer( 1176): AssetRedirectionManager Service
I/SystemServer( 1176): Pie Delivery Service
W/SystemServer( 1176): ***********************************************
E/DropBoxManagerService( 1176): Can't write: system_server_wtf
E/DropBoxManagerService( 1176): java.io.IOException: Can't list files: /data/sys tem/dropbox
E/DropBoxManagerService( 1176): at com.android.server.DropBoxManagerServ ice.init(DropBoxManagerService.java:594)
E/DropBoxManagerService( 1176): at com.android.server.DropBoxManagerServ ice.add(DropBoxManagerService.java:185)
E/DropBoxManagerService( 1176): at android.os.DropBoxManager.addText(Dro pBoxManager.java:272)
E/DropBoxManagerService( 1176): at com.android.server.am.ActivityManager Service$13.run(ActivityManagerService.java:8668)
E/DropBoxManagerService( 1176): at com.android.server.am.ActivityManager Service.addErrorToDropBox(ActivityManagerService.java:8675)
E/DropBoxManagerService( 1176): at com.android.server.am.ActivityManager Service.handleApplicationWtf(ActivityManagerService.java:8486)
E/DropBoxManagerService( 1176): at com.android.internal.os.RuntimeInit.w tf(RuntimeInit.java:329)
E/DropBoxManagerService( 1176): at android.util.Log$1.onTerribleFailure( Log.java:103)
E/DropBoxManagerService( 1176): at android.util.Log.wtf(Log.java:278)
E/DropBoxManagerService( 1176): at com.android.server.ServerThread.repor tWtf(SystemServer.java:92)

E/DropBoxManagerService( 1176): at com.android.server.ServerThread.run(S ystemServer.java:877)
I/ActivityManager( 1176): System now ready
I/ActivityManager( 1176): Config changes=40000000 {1.15 ?mcc?mnc es_ES ldltr sw3 60dp w360dp h614dp 240dpi nrml long port ?uimode ?night finger -keyb/v/h -nav/h s.4 themeResource=null}
I/SystemServer( 1176): Making services ready
I/ActivityManager( 1176): Start proc com.android.systemui for service com.androi d.systemui/.SystemUIService: pid=1574 uid=10030 gids={50030, 1028, 1015, 3002, 3 001, 1006}
D/NetworkManagementService( 1176): enabling bandwidth control
I/Vold ( 119): /dev/block/vold/179:65 being considered for volume external_s d
D/Vold ( 119): Volume external_sd state changing 1 (Idle-Unmounted) -> 3 (Ch ecking)
D/Vold ( 119): Trying to get filesystem type for /dev/block/vold/179:65
D/MountService( 1176): volume state changed for /storage/sdcard1 (unmounted -> c hecking)
D/MountService( 1176): sendStorageIntent Intent { act=android.intent.action.MEDI A_CHECKING dat=file:///storage/sdcard1 (has extras) } to UserHandle{-1}
D/Vold ( 119): Found vfat filesystem on /dev/block/vold/179:65
D/SystemUIService( 1574): loading: class com.android.systemui.statusbar.phone.Ph oneStatusBar
D/SystemUIService( 1574): running: com.android.systemui.statusbar.phone.PhoneSta tusBar@40da79b0
I/StatusBarManagerService( 1176): registerStatusBar bar=com.android.internal.sta tusbar.IStatusBar$Stub$Proxy@41479808
W/BroadcastQueue( 1176): Permission Denial: broadcasting Intent { act=android.ne t.conn.TETHER_STATE_CHANGED flg=0x28000010 (has extras) } from null (pid=-1, uid =-1) requires android.permission.CONNECTIVITY_INTERNAL due to registered receive r BroadcastFilter{4128d1d8 u0 ReceiverList{4128d158 1176 system/1000/u0 local:41 28cf80}}
I/ActivityManager( 1176): Start proc android.process.media for broadcast com.and roid.providers.media/.MtpReceiver: pid=1636 uid=10012 gids={50012, 1015, 1023, 1 024, 1028, 2001, 3003, 3007}
I/ActivityManager( 1176): Config changes=200 {1.15 ?mcc?mnc es_ES ldltr sw360dp w360dp h614dp 240dpi nrml long port finger -keyb/v/h -nav/h s.5 themeResource=nu ll}
W/InputMethodManagerService( 1176): Ignoring setImeWindowStatus of uid 1000 toke n: null
W/InputMethodInfo( 1176): Duplicated subtype definition found: af_ZA, voice
W/InputMethodInfo( 1176): Duplicated subtype definition found: cmn_CN_Hans, voic e
W/InputMethodInfo( 1176): Duplicated subtype definition found: cmn_HK_Hans, voic e
W/InputMethodInfo( 1176): Duplicated subtype definition found: cmn_TW_Hant, voic e
W/InputMethodInfo( 1176): Duplicated subtype definition found: cs_CZ, voice
W/InputMethodInfo( 1176): Duplicated subtype definition found: de_DE, voice
W/InputMethodInfo( 1176): Duplicated subtype definition found: en_001, voice
W/InputMethodInfo( 1176): Duplicated subtype definition found: en_AU, voice
W/InputMethodInfo( 1176): Duplicated subtype definition found: en_CA, voice
W/InputMethodInfo( 1176): Duplicated subtype definition found: en_GB, voice
W/InputMethodInfo( 1176): Duplicated subtype definition found: en_IN, voice
W/InputMethodInfo( 1176): Duplicated subtype definition found: en_NZ, voice
W/InputMethodInfo( 1176): Duplicated subtype definition found: en_US, voice
W/InputMethodInfo( 1176): Duplicated subtype definition found: en_ZA, voice
W/InputMethodInfo( 1176): Duplicated subtype definition found: es_AR, voice
W/InputMethodInfo( 1176): Duplicated subtype definition found: es_BO, voice
W/InputMethodInfo( 1176): Duplicated subtype definition found: es_CL, voice

W/InputMethodInfo( 1176): Duplicated subtype definition found: es_CO, voice
W/InputMethodInfo( 1176): Duplicated subtype definition found: es_CR, voice
W/InputMethodInfo( 1176): Duplicated subtype definition found: es_DO, voice
W/InputMethodInfo( 1176): Duplicated subtype definition found: es_EC, voice
W/InputMethodInfo( 1176): Duplicated subtype definition found: es_ES, voice
W/InputMethodInfo( 1176): Duplicated subtype definition found: es_GT, voice
W/InputMethodInfo( 1176): Duplicated subtype definition found: es_HN, voice
W/InputMethodInfo( 1176): Duplicated subtype definition found: es_MX, voice
W/InputMethodInfo( 1176): Duplicated subtype definition found: es_NI, voice
W/InputMethodInfo( 1176): Duplicated subtype definition found: es_PA, voice
W/InputMethodInfo( 1176): Duplicated subtype definition found: es_PE, voice
W/InputMethodInfo( 1176): Duplicated subtype definition found: es_PR, voice
W/InputMethodInfo( 1176): Duplicated subtype definition found: es_PY, voice
W/InputMethodInfo( 1176): Duplicated subtype definition found: es_SV, voice
W/InputMethodInfo( 1176): Duplicated subtype definition found: es_US, voice
W/InputMethodInfo( 1176): Duplicated subtype definition found: es_UY, voice
W/InputMethodInfo( 1176): Duplicated subtype definition found: es_VE, voice
W/InputMethodInfo( 1176): Duplicated subtype definition found: fr_FR, voice
W/InputMethodInfo( 1176): Duplicated subtype definition found: id_ID, voice
W/InputMethodInfo( 1176): Duplicated subtype definition found: it_IT, voice
W/InputMethodInfo( 1176): Duplicated subtype definition found: ja_JP, voice
W/InputMethodInfo( 1176): Duplicated subtype definition found: ko_KR, voice
W/InputMethodInfo( 1176): Duplicated subtype definition found: ms_MY, voice
W/InputMethodInfo( 1176): Duplicated subtype definition found: nl_NL, voice
W/InputMethodInfo( 1176): Duplicated subtype definition found: pl_PL, voice
W/InputMethodInfo( 1176): Duplicated subtype definition found: pt_BR, voice
W/InputMethodInfo( 1176): Duplicated subtype definition found: ru_RU, voice
W/InputMethodInfo( 1176): Duplicated subtype definition found: tr_TR, voice
W/InputMethodInfo( 1176): Duplicated subtype definition found: yue_HK_Hant, voic e
W/InputMethodInfo( 1176): Duplicated subtype definition found: zu_ZA, voice
I/ActivityManager( 1176): Start proc android.process.acore for content provider com.android.providers.contacts/.ContactsProvider2: pid=1669 uid=10001 gids={5000 1, 3003, 1015, 1028}
W/InputMethodManagerService( 1176): Found no subtypes in a system IME: com.googl e.android.inputmethod.korean
I/ActivityManager( 1176): Start proc com.android.inputmethod.latin for service c om.android.inputmethod.latin/.LatinIME: pid=1675 uid=10019 gids={50019, 1028}
I/LocationBlacklist( 1176): whitelist: [com.google.android.gms]
I/LocationBlacklist( 1176): blacklist: [com.google., com.semaphoremobile.zagat.a ndroid]
I/ActivityManager( 1176): Start proc com.android.phone for added application com .android.phone: pid=1701 uid=1001 gids={41001, 3002, 3001, 3003, 1015, 1028}
D/PhoneStatusBar( 1574): disable: < expand icons alerts ticker system_info back home recent clock search > I/ActivityManager( 1176): Start proc com.android.nfc for added application com.a ndroid.nfc: pid=1717 uid=1027 gids={41027, 3002, 3001, 1015, 1028}
I/ActivityManager( 1176): START u0 {act=android.intent.action.MAIN cat=[android. intent.category.HOME] flg=0x10000000 cmp=com.gau.go.launcherex/com.jiubang.gghea rt.apps.desks.diy.GoLauncher} from pid 0
I/ActivityManager( 1176): Start proc android.process.acore for activity com.gau. go.launcherex/com.jiubang.ggheart.apps.desks.diy.GoLauncher: pid=1724 uid=10130 gids={50130, 3003, 1015, 1028}
I/SystemServer( 1176): Enabled StrictMode for system server main thread.
W/ThrottleService( 1176): unable to find stats for iface rmnet_sdio0
D/SystemUIService( 1574): loading: class com.android.systemui.power.PowerUI
D/SystemUIService( 1574): running: com.android.systemui.power.PowerUI@40e5d550
D/SystemUIService( 1574): loading: class com.android.systemui.media.RingtonePlay er
D/SystemUIService( 1574): running: com.android.systemui.media.RingtonePlayer@40e

5e260
I/ActivityManager( 1176): Start proc com.android.nfc:handover for service com.an droid.nfc/.handover.HandoverService: pid=1776 uid=1027 gids={41027, 3002, 3001, 1015, 1028}
E/ActivityThread( 1675): Failed to find provider info for com.android.inputmetho d.latin.dictionarypack
E/ActivityThread( 1675): Failed to find provider info for user_dictionary
W/ProcessStats( 1176): Skipping unknown process pid 1784
I/ActivityManager( 1176): Start proc com.android.smspush for service com.android .smspush/.WapPushManager: pid=1801 uid=10034 gids={50034, 1028}
W/InputMethodInfo( 1176): Duplicated subtype definition found: af_ZA, voice
W/InputMethodInfo( 1176): Duplicated subtype definition found: cmn_CN_Hans, voic e
W/InputMethodInfo( 1176): Duplicated subtype definition found: cmn_HK_Hans, voic e
W/InputMethodInfo( 1176): Duplicated subtype definition found: cmn_TW_Hant, voic e
W/InputMethodInfo( 1176): Duplicated subtype definition found: cs_CZ, voice
W/InputMethodInfo( 1176): Duplicated subtype definition found: de_DE, voice
W/InputMethodInfo( 1176): Duplicated subtype definition found: en_001, voice
W/InputMethodInfo( 1176): Duplicated subtype definition found: en_AU, voice
W/InputMethodInfo( 1176): Duplicated subtype definition found: en_CA, voice
W/InputMethodInfo( 1176): Duplicated subtype definition found: en_GB, voice
W/InputMethodInfo( 1176): Duplicated subtype definition found: en_IN, voice
W/InputMethodInfo( 1176): Duplicated subtype definition found: en_NZ, voice
W/InputMethodInfo( 1176): Duplicated subtype definition found: en_US, voice
W/InputMethodInfo( 1176): Duplicated subtype definition found: en_ZA, voice
W/InputMethodInfo( 1176): Duplicated subtype definition found: es_AR, voice
W/InputMethodInfo( 1176): Duplicated subtype definition found: es_BO, voice
W/InputMethodInfo( 1176): Duplicated subtype definition found: es_CL, voice
W/InputMethodInfo( 1176): Duplicated subtype definition found: es_CO, voice
W/InputMethodInfo( 1176): Duplicated subtype definition found: es_CR, voice
W/InputMethodInfo( 1176): Duplicated subtype definition found: es_DO, voice
W/InputMethodInfo( 1176): Duplicated subtype definition found: es_EC, voice
W/InputMethodInfo( 1176): Duplicated subtype definition found: es_ES, voice
W/InputMethodInfo( 1176): Duplicated subtype definition found: es_GT, voice
W/InputMethodInfo( 1176): Duplicated subtype definition found: es_HN, voice
W/InputMethodInfo( 1176): Duplicated subtype definition found: es_MX, voice
W/InputMethodInfo( 1176): Duplicated subtype definition found: es_NI, voice
W/InputMethodInfo( 1176): Duplicated subtype definition found: es_PA, voice
W/InputMethodInfo( 1176): Duplicated subtype definition found: es_PE, voice
W/InputMethodInfo( 1176): Duplicated subtype definition found: es_PR, voice
W/InputMethodInfo( 1176): Duplicated subtype definition found: es_PY, voice
W/InputMethodInfo( 1176): Duplicated subtype definition found: es_SV, voice
W/InputMethodInfo( 1176): Duplicated subtype definition found: es_US, voice
W/InputMethodInfo( 1176): Duplicated subtype definition found: es_UY, voice
W/InputMethodInfo( 1176): Duplicated subtype definition found: es_VE, voice
W/InputMethodInfo( 1176): Duplicated subtype definition found: fr_FR, voice
W/InputMethodInfo( 1176): Duplicated subtype definition found: id_ID, voice
W/InputMethodInfo( 1176): Duplicated subtype definition found: it_IT, voice
W/InputMethodInfo( 1176): Duplicated subtype definition found: ja_JP, voice
W/InputMethodInfo( 1176): Duplicated subtype definition found: ko_KR, voice
W/InputMethodInfo( 1176): Duplicated subtype definition found: ms_MY, voice
W/InputMethodInfo( 1176): Duplicated subtype definition found: nl_NL, voice
W/InputMethodInfo( 1176): Duplicated subtype definition found: pl_PL, voice
W/InputMethodInfo( 1176): Duplicated subtype definition found: pt_BR, voice
W/InputMethodInfo( 1176): Duplicated subtype definition found: ru_RU, voice
W/InputMethodInfo( 1176): Duplicated subtype definition found: tr_TR, voice
W/InputMethodInfo( 1176): Duplicated subtype definition found: yue_HK_Hant, voic e

W/InputMethodInfo( 1176): Duplicated subtype definition found: zu_ZA, voice
W/InputMethodManagerService( 1176): Found no subtypes in a system IME: com.googl e.android.inputmethod.korean
I/ActivityManager( 1176): Start proc com.google.process.location for service com .google.android.location/.NetworkLocationService: pid=1839 uid=10015 gids={50015 , 3003, 1007, 1028, 1015, 1006, 2001, 3006}
I/ActivityManager( 1176): Start proc com.android.location.fused for service com. android.location.fused/.FusedLocationService: pid=1858 uid=10013 gids={50013, 10 28}
I/ActivityManager( 1176): Start proc com.google.process.gapps for content provid er com.google.android.gsf/.settings.GoogleSettingsProvider: pid=1897 uid=10015 g ids={50015, 3003, 1007, 1028, 1015, 1006, 2001, 3006}
I/Vold ( 119): Filesystem check completed OK
I/Vold ( 119): Device /dev/block/vold/179:65, target /storage/sdcard1 mounte d @ /mnt/secure/staging
D/Vold ( 119): Volume external_sd state changing 3 (Checking) -> 4 (Mounted)
D/MountService( 1176): volume state changed for /storage/sdcard1 (checking -> mo unted)
E/VoldConnector( 1176): NDC Command {3 volume mount /storage/sdcard1} took too l ong (7180ms)
D/MountService( 1176): sendStorageIntent Intent { act=android.intent.action.MEDI A_MOUNTED dat=file:///storage/sdcard1 (has extras) } to UserHandle{-1}
I/Vold ( 119): /dev/block/vold/179:36 being considered for volume sdcard
D/Vold ( 119): Volume sdcard state changing 1 (Idle-Unmounted) -> 3 (Checkin g)
D/Vold ( 119): Trying to get filesystem type for /dev/block/vold/179:36
D/MountService( 1176): volume state changed for /storage/sdcard0 (unmounted -> c hecking)
D/MountService( 1176): sendStorageIntent Intent { act=android.intent.action.MEDI A_CHECKING dat=file:///storage/sdcard0 (has extras) } to UserHandle{-1}
D/Vold ( 119): Found vfat filesystem on /dev/block/vold/179:36
I/ActivityManager( 1176): Start proc com.android.settings for broadcast com.andr oid.settings/.widget.SettingsAppWidgetProvider: pid=1950 uid=1000 gids={41000, 1 015, 1028, 3002, 3001, 3003, 3007}
I/WifiService( 1176): WifiService trying to set country code to do with persist set to true
I/ActivityManager( 1176): Config changes=3 {1.15 370mcc4mnc es_ES ldltr sw360dp w360dp h614dp 240dpi nrml long port finger -keyb/v/h -nav/h s.6 themeResource=nu ll}
E/DropBoxManagerService( 1176): Can't write: system_app_strictmode
E/DropBoxManagerService( 1176): java.io.IOException: Can't list files: /data/sys tem/dropbox
E/DropBoxManagerService( 1176): at com.android.server.DropBoxManagerServ ice.init(DropBoxManagerService.java:594)
E/DropBoxManagerService( 1176): at com.android.server.DropBoxManagerServ ice.add(DropBoxManagerService.java:185)
E/DropBoxManagerService( 1176): at android.os.DropBoxManager.addText(Dro pBoxManager.java:272)
E/DropBoxManagerService( 1176): at com.android.server.am.ActivityManager Service$12.run(ActivityManagerService.java:8462)
W/ContextImpl( 1950): Calling a method in the system process without a qualified user: android.app.ContextImpl.bindService:1458 android.content.ContextWrapper.b indService:473 android.bluetooth.BluetoothInputDevice.<init>:240 android.bluetoo th.BluetoothAdapter.getProfileProxy:1169 com.android.settings.bluetooth.LocalBlu etoothAdapter.getProfileProxy:94
W/ContextImpl( 1950): Calling a method in the system process without a qualified user: android.app.ContextImpl.bindService:1458 android.content.ContextWrapper.b indService:473 android.bluetooth.BluetoothPan.<init>:141 android.bluetooth.Bluet oothAdapter.getProfileProxy:1172 com.android.settings.bluetooth.PanProfile.<init >:73

W/ContextImpl( 1950): Calling a method in the system process without a qualified user: android.app.ContextImpl.bindService:1458 android.content.ContextWrapper.b indService:473 android.bluetooth.BluetoothPbap.<init>:161 com.android.settings.b luetooth.PbapServerProfile.<init>:68 com.android.settings.bluetooth.LocalBluetoo thProfileManager.<init>:124
W/WindowManager( 1176): Window freeze timeout expired.
W/WindowManager( 1176): Force clearing orientation change: Window{41228698 u0 St atusBar}
W/WindowManager( 1176): Force clearing orientation change: Window{410ed708 u0 co m.android.systemui.ImageWallpaper}
E/DropBoxManagerService( 1176): Can't write: system_app_strictmode
E/DropBoxManagerService( 1176): java.io.IOException: Can't list files: /data/sys tem/dropbox
E/DropBoxManagerService( 1176): at com.android.server.DropBoxManagerServ ice.init(DropBoxManagerService.java:594)
E/DropBoxManagerService( 1176): at com.android.server.DropBoxManagerServ ice.add(DropBoxManagerService.java:185)
E/DropBoxManagerService( 1176): at android.os.DropBoxManager.addText(Dro pBoxManager.java:272)
E/DropBoxManagerService( 1176): at com.android.server.am.ActivityManager Service$11.run(ActivityManagerService.java:8428)
W/ProcessStats( 1176): Skipping unknown process pid 2015
W/ActivityManager( 1176): Activity idle timeout for ActivityRecord{411458f8 u0 c om.gau.go.launcherex/com.jiubang.ggheart.apps.desks.diy.GoLauncher}
V/WiredAccessoryManager( 1176): init()
W/ContextImpl( 1176): Calling a method in the system process without a qualified user: android.app.ContextImpl.bindService:1458 android.bluetooth.BluetoothHeads et.<init>:273 android.bluetooth.BluetoothAdapter.getProfileProxy:1163 android.me dia.AudioService.getBluetoothHeadset:2182 android.media.AudioService.access$2800 :104
W/ContextImpl( 1176): Calling a method in the system process without a qualified user: android.app.ContextImpl.bindService:1458 android.bluetooth.BluetoothA2dp. <init>:160 android.bluetooth.BluetoothAdapter.getProfileProxy:1166 android.media .AudioService$AudioServiceBroadcastReceiver.onReceive:4069 android.app.LoadedApk $ReceiverDispatcher$Args.run:758
W/WindowManager( 1176): App freeze timeout expired.
W/WindowManager( 1176): Force clearing freeze: AppWindowToken{41559c28 token=Tok en{4125e828 ActivityRecord{411458f8 u0 com.gau.go.launcherex/com.jiubang.ggheart .apps.desks.diy.GoLauncher}}}
E/DropBoxManagerService( 1176): Can't write: system_app_strictmode
E/DropBoxManagerService( 1176): java.io.IOException: Can't list files: /data/sys tem/dropbox
E/DropBoxManagerService( 1176): at com.android.server.DropBoxManagerServ ice.init(DropBoxManagerService.java:594)
E/DropBoxManagerService( 1176): at com.android.server.DropBoxManagerServ ice.add(DropBoxManagerService.java:185)
E/DropBoxManagerService( 1176): at android.os.DropBoxManager.addText(Dro pBoxManager.java:272)
E/DropBoxManagerService( 1176): at com.android.server.am.ActivityManager Service$12.run(ActivityManagerService.java:8462)
I/PowerManagerService( 1176): Boot animation finished.
I/ActivityManager( 1176): Process android.process.acore (pid 1724) has died.
I/WindowState( 1176): WIN DEATH: Window{4118f8a0 u0 com.gau.go.launcherex/com.ji ubang.ggheart.apps.desks.diy.GoLauncher}
W/ActivityManager( 1176): Scheduling restart of crashed service com.gau.go.launc herex/com.jiubang.ggheart.data.AppService in 5902ms
I/ActivityManager( 1176): Start proc android.process.acore for activity com.gau. go.launcherex/com.jiubang.ggheart.apps.desks.diy.GoLauncher: pid=2107 uid=10130 gids={50130, 3003, 1015, 1028}
I/ActivityManager( 1176): Start proc com.google.android.gms for broadcast com.go

ogle.android.gms/com.google.android.location.internal.NlpNetworkProviderSettings UpdateReceiver: pid=2161 uid=10015 gids={50015, 3003, 1007, 1028, 1015, 1006, 20 01, 3006}
I/ActivityManager( 1176): Start proc com.gau.go.launcherex.theme.Robot.dante.fou rinone for broadcast com.gau.go.launcherex.theme.Robot.dante.fourinone/.Componen tControlReceiver: pid=2179 uid=10107 gids={50107, 3003, 1015, 1028}
I/ActivityManager( 1176): Start proc com.gau.go.launcherex.theme.SMARTISAN.fouri none for broadcast com.gau.go.launcherex.theme.SMARTISAN.fourinone/.ComponentCon trolReceiver: pid=2196 uid=10104 gids={50104, 3003, 1015, 1028}
I/ActivityManager( 1176): Start proc com.cleanmaster.mguard for broadcast com.cl eanmaster.mguard/com.ijinshan.cleaner.receiver.StorageStatusReceiver: pid=2228 u id=10139 gids={50139, 1015, 3003, 1028}
I/ActivityManager( 1176): Start proc com.google.android.apps.plus for broadcast com.google.android.apps.plus/.service.PackagesMediaMonitor: pid=2266 uid=10065 g ids={50065, 3003, 3002, 1015, 1006, 1028}
E/NotificationService( 1176): Ignoring notification with icon==0: Notification(p ri=0 contentView=com.gau.go.launcherex/0x109008f vibrate=null sound=null default s=0x0 flags=0x62 kind=[null])
I/ActivityManager( 1176): Start proc com.android.vending for service com.android .vending/com.google.android.finsky.billing.iab.InAppBillingService: pid=2388 uid =10035 gids={50035, 3003, 1015, 1028}
I/ActivityManager( 1176): Start proc com.gau.go.launcherex.gowidget.gopowermaste r for content provider com.gau.go.launcherex.gowidget.gopowermaster/com.gau.go.l auncherex.gowidget.powersave.provider.BatteryBoosterProvider: pid=2404 uid=10125 gids={50125, 3001, 3002, 3003, 1015, 1028}
I/ActivityManager( 1176): Start proc com.whatsapp for broadcast com.whatsapp/.Ex ternalMediaManager$ExternalMediaStateReceiver: pid=2424 uid=10095 gids={50095, 1 015, 3003, 1028}
I/ActivityManager( 1176): Start proc android.process.acore for service com.gau.g o.launcherex.gowidget.taskmanagerex/.service.MainService: pid=2433 uid=10124 gid s={50124, 3003, 1015, 3002, 1028}
E/NotificationService( 1176): Ignoring notification with icon==0: Notification(p ri=2 contentView=null vibrate=null sound=null defaults=0x0 flags=0xffffffff kind =[null])
I/ActivityManager( 1176): Start proc com.trustgo.mobile.security for broadcast c om.trustgo.mobile.security/com.trustgo.reveiver.BootReceiver: pid=2521 uid=10098 gids={50098, 3003, 1015, 1006, 1028}
I/ActivityManager( 1176): Start proc com.google.android.gsf.login for service co m.google.android.gsf.login/com.google.android.gsf.loginservice.GoogleLoginServic e: pid=2539 uid=10015 gids={50015, 3003, 1007, 1028, 1015, 1006, 2001, 3006}
I/ActivityManager( 1176): Start proc com.android.contacts for broadcast com.andr oid.contacts/.calllog.CallLogReceiver: pid=2556 uid=10001 gids={50001, 3003, 101 5, 1028}
I/ActivityManager( 1176): Start proc com.bel.android.dspmanager for broadcast co m.bel.android.dspmanager/.receiver.BootCompletedReceiver: pid=2577 uid=10008 gid s={50008, 3002, 1028}
I/ActivityManager( 1176): Start proc com.google.android.calendar for broadcast c om.google.android.calendar/com.android.calendar.alerts.AlertReceiver: pid=2598 u id=10005 gids={50005, 3003, 1028}
E/DropBoxManagerService( 1176): Can't write: SYSTEM_BOOT
E/DropBoxManagerService( 1176): java.io.IOException: Can't list files: /data/sys tem/dropbox
E/DropBoxManagerService( 1176): at com.android.server.DropBoxManagerServ ice.init(DropBoxManagerService.java:594)
E/DropBoxManagerService( 1176): at com.android.server.DropBoxManagerServ ice.add(DropBoxManagerService.java:185)
E/DropBoxManagerService( 1176): at android.os.DropBoxManager.addText(Dro pBoxManager.java:272)
E/DropBoxManagerService( 1176): at com.android.server.BootReceiver.logBo otEvents(BootReceiver.java:118)

E/DropBoxManagerService( 1176): at com.android.server.BootReceiver.acces s$000(BootReceiver.java:42)
E/DropBoxManagerService( 1176): at com.android.server.BootReceiver$1.run (BootReceiver.java:70)
I/BootReceiver( 1176): Copying /proc/last_kmsg to DropBox (SYSTEM_LAST_KMSG)
E/DropBoxManagerService( 1176): Can't write: SYSTEM_LAST_KMSG
E/DropBoxManagerService( 1176): java.io.IOException: Can't list files: /data/sys tem/dropbox
E/DropBoxManagerService( 1176): at com.android.server.DropBoxManagerServ ice.init(DropBoxManagerService.java:594)
E/DropBoxManagerService( 1176): at com.android.server.DropBoxManagerServ ice.add(DropBoxManagerService.java:185)
E/DropBoxManagerService( 1176): at android.os.DropBoxManager.addText(Dro pBoxManager.java:272)
E/DropBoxManagerService( 1176): at com.android.server.BootReceiver.addFi leToDropBox(BootReceiver.java:175)
E/DropBoxManagerService( 1176): at com.android.server.BootReceiver.logBo otEvents(BootReceiver.java:121)
E/DropBoxManagerService( 1176): at com.android.server.BootReceiver.acces s$000(BootReceiver.java:42)
E/DropBoxManagerService( 1176): at com.android.server.BootReceiver$1.run (BootReceiver.java:70)
I/ActivityManager( 1176): Start proc com.android.providers.calendar for broadcas t com.android.providers.calendar/.CalendarReceiver: pid=2639 uid=10006 gids={500 06, 3003, 1015, 1028}
I/ActivityManager( 1176): Start proc com.android.deskclock for broadcast com.and roid.deskclock/.AlarmInitReceiver: pid=2659 uid=10010 gids={50010, 1028, 3003}
I/ActivityManager( 1176): Start proc com.google.android.partnersetup for broadca st com.google.android.partnersetup/.GooglePartnerSetup: pid=2692 uid=10017 gids= {50017, 3003, 1028}
I/SystemUpdateService( 1897): cancelUpdate (empty URL)
I/ActivityManager( 1176): Start proc com.google.android.onetimeinitializer for b roadcast com.google.android.onetimeinitializer/.OneTimeInitializerReceiver: pid= 2744 uid=10024 gids={50024, 1028}
I/SystemUpdateService( 1897): cancelUpdate (empty URL)
I/ActivityManager( 1176): Start proc com.android.mms for broadcast com.android.m ms/.transaction.MmsSystemEventReceiver: pid=2770 uid=10036 gids={50036, 3003, 10 15, 1028}
D/CountryDetector( 1176): The first listener is added
I/ActivityManager( 1176): Start proc com.android.email for broadcast com.android .email/.service.EmailBroadcastReceiver: pid=2805 uid=10038 gids={50038, 3003, 10 15, 1028}
I/ActivityManager( 1176): Start proc com.android.exchange for service com.androi d.exchange/.ExchangeService: pid=2824 uid=10039 gids={50039, 3003, 1015, 1028}
E/DropBoxManagerService( 1176): Can't write: system_app_strictmode
E/DropBoxManagerService( 1176): java.io.IOException: Can't list files: /data/sys tem/dropbox
E/DropBoxManagerService( 1176): at com.android.server.DropBoxManagerServ ice.init(DropBoxManagerService.java:594)
E/DropBoxManagerService( 1176): at com.android.server.DropBoxManagerServ ice.add(DropBoxManagerService.java:185)
E/DropBoxManagerService( 1176): at android.os.DropBoxManager.addText(Dro pBoxManager.java:272)
E/DropBoxManagerService( 1176): at com.android.server.am.ActivityManager Service$12.run(ActivityManagerService.java:8462)
I/ActivityManager( 1176): Start proc com.google.android.talk for broadcast com.g oogle.android.talk/com.google.android.apps.babel.service.BootReceiver: pid=2867 uid=10054 gids={50054, 3003, 1015, 1006, 3002, 1028}
W/SocketClient( 124): write error (Broken pipe)
I/ActivityManager( 1176): Start proc com.google.android.gm for broadcast com.goo

gle.android.gm/.MailIntentReceiver: pid=2904 uid=10061 gids={50061, 3003, 1015, 1028}
W/ActivityManager( 1176): Unable to start service Intent { cmp=com.android.email /.service.AttachmentDownloadService } U=0: not found
W/ActivityManager( 1176): Unable to start service Intent { cmp=com.android.email /.service.AttachmentDownloadService } U=0: not found
W/ActivityManager( 1176): Unable to start service Intent { cmp=com.android.email /.service.AttachmentDownloadService } U=0: not found
D/ActivityThread( 2904): Loading provider com.android.gmail.ui: com.google.andro id.gm.provider.UiProvider
I/ActivityManager( 1176): No longer want com.gau.go.launcherex.theme.Robot.dante .fourinone (pid 2179): empty #17
I/ActivityManager( 1176): Start proc com.latedroid.juicedefender for broadcast c om.latedroid.juicedefender/.Boot: pid=2935 uid=10122 gids={50122, 1015, 3003, 30 02, 3001, 1028}
D/ConnectivityService( 1176): setMobileDataEnabled(false)
I/ActivityManager( 1176): Start proc android.process.acore for broadcast com.jiu bang.goscreenlock/.service.KeyguardReceiver: pid=2975 uid=10129 gids={50129, 300 3, 1015, 1028}
I/ActivityManager( 1176): No longer want com.gau.go.launcherex.theme.SMARTISAN.f ourinone (pid 2196): empty #17
I/ActivityManager( 1176): Start proc com.music.playerpro for broadcast com.music .playerpro/org.kreed.vanilla.BootReceiver: pid=3001 uid=10097 gids={50097, 1015, 3003, 1028}
E/NotificationService( 1176): Ignoring notification with icon==0: Notification(p ri=0 contentView=null vibrate=null sound=null defaults=0x0 flags=0x62 kind=[null ])
I/ActivityManager( 1176): Start proc com.schiztech.swapps for broadcast com.schi ztech.swapps/.ServiceStarter: pid=3032 uid=10100 gids={50100, 3003, 1028}
I/ActivityManager( 1176): No longer want com.gau.go.launcherex.gowidget.gopowerm aster (pid 2404): empty #17
I/ActivityManager( 1176): Start proc org.adblockplus.android for broadcast org.a dblockplus.android/.Starter: pid=3062 uid=10152 gids={50152, 3003, 1015, 1028}
I/ActivityManager( 1176): Start proc com.autostart for broadcast com.autostart/. MyBroadcastreceiver: pid=3087 uid=10147 gids={50147, 1028}
I/ActivityManager( 1176): START u0 {act=android.intent.action.MAIN cat=[android. intent.category.LAUNCHER] flg=0x10000000 pkg=com.jiubang.goscreenlock cmp=com.ji ubang.goscreenlock/.theme.mythemes.GOLauncherGuider} from pid 3087
E/DropBoxManagerService( 1176): Can't write: system_app_strictmode
E/DropBoxManagerService( 1176): java.io.IOException: Can't list files: /data/sys tem/dropbox
E/DropBoxManagerService( 1176): at com.android.server.DropBoxManagerServ ice.init(DropBoxManagerService.java:594)
E/DropBoxManagerService( 1176): at com.android.server.DropBoxManagerServ ice.add(DropBoxManagerService.java:185)
E/DropBoxManagerService( 1176): at android.os.DropBoxManager.addText(Dro pBoxManager.java:272)
E/DropBoxManagerService( 1176): at com.android.server.am.ActivityManager Service$12.run(ActivityManagerService.java:8462)
I/ActivityManager( 1176): Start proc com.gau.go.launcherex.gowidget.gopowermaste r for broadcast com.gau.go.launcherex.gowidget.gopowermaster/com.gau.go.launcher ex.gowidget.powersave.receiver.SystemBootReceiver: pid=3113 uid=10125 gids={5012 5, 3001, 3002, 3003, 1015, 1028}
I/ActivityManager( 1176): No longer want com.google.android.apps.plus (pid 2266) : empty #17
I/ActivityManager( 1176): START u0 {flg=0x10000000 cmp=com.jiubang.goscreenlock/ .theme.mythemes.MyThemes} from pid 2975
I/ActivityManager( 1176): Start proc com.gau.go.launcherex.gowidget.gopowermaste r.resident for service com.gau.go.launcherex.gowidget.gopowermaster/com.gau.go.l auncherex.gowidget.powersave.service.ResidentService: pid=3129 uid=10125 gids={5

0125, 3001, 3002, 3003, 1015, 1028}
I/ActivityManager( 1176): Start proc com.gau.go.launcherex.theme.Robot.dante.fou rinone for broadcast com.gau.go.launcherex.theme.Robot.dante.fourinone/.Componen tControlReceiver: pid=3136 uid=10107 gids={50107, 3003, 1015, 1028}
E/NotificationService( 1176): Ignoring notification with icon==0: Notification(p ri=2 contentView=null vibrate=null sound=null defaults=0x0 flags=0xffffffff kind =[null])
I/ActivityManager( 1176): Start proc com.gau.go.launcherex.theme.SMARTISAN.fouri none for broadcast com.gau.go.launcherex.theme.SMARTISAN.fourinone/.ComponentCon trolReceiver: pid=3183 uid=10104 gids={50104, 3003, 1015, 1028}
I/ActivityManager( 1176): No longer want com.android.contacts (pid 2556): empty #17
W/ProcessStats( 1176): Skipping unknown process pid 3182
E/NotificationService( 1176): Ignoring notification with icon==0: Notification(p ri=2 contentView=null vibrate=null sound=null defaults=0x0 flags=0xffffffff kind =[null])
D/PhoneStatusBar( 1574): disable: < expand icons alerts ticker system_info BACK* HOME* recent CLOCK* search > D/PhoneStatusBar( 1574): disable: < expand icons alerts ticker system_info back* home* recent clock* search > I/ActivityManager( 1176): START u0 {act=com.gau.go.launcherex.MyThemes cmp=com.g au.go.launcherex/com.jiubang.ggheart.apps.desks.diy.themescan.ThemeManageActivit y (has extras)} from pid 2975
W/ActivityManager( 1176): Duplicate finish request for ActivityRecord{41181820 u 0 com.jiubang.goscreenlock/.theme.mythemes.MyThemes}
I/ActivityManager( 1176): Start proc com.gau.go.launcherex:MyThemes for activity com.gau.go.launcherex/com.jiubang.ggheart.apps.desks.diy.themescan.ThemeManageA ctivity: pid=3334 uid=10130 gids={50130, 3003, 1015, 1028}
W/InputMethodManagerService( 1176): Starting input on non-focused client com.and roid.internal.view.IInputMethodClient$Stub$Proxy@4132fa08 (uid=10130 pid=2107)
I/ActivityManager( 1176): No longer want com.android.deskclock (pid 2659): empty #17
E/NotificationService( 1176): Ignoring notification with icon==0: Notification(p ri=2 contentView=null vibrate=null sound=null defaults=0x0 flags=0xffffffff kind =[null])
I/Vold ( 119): Filesystem check completed OK
I/Vold ( 119): Device /dev/block/vold/179:36, target /storage/sdcard0 mounte d @ /mnt/secure/staging
W/SocketClient( 124): write error (Broken pipe)
D/Vold ( 119): Volume sdcard state changing 3 (Checking) -> 4 (Mounted)
D/MountService( 1176): volume state changed for /storage/sdcard0 (checking -> mo unted)
D/MountService( 1176): sendStorageIntent Intent { act=android.intent.action.MEDI A_MOUNTED dat=file:///storage/sdcard0 (has extras) } to UserHandle{-1}
E/VoldConnector( 1176): NDC Command {4 volume mount /storage/sdcard0} took too l ong (42642ms)
W/ActivityManager( 1176): Launch timeout has expired, giving up wake lock!
W/ActivityManager( 1176): Activity idle timeout for ActivityRecord{412785e8 u0 c om.jiubang.goscreenlock/.theme.mythemes.GOLauncherGuider}
E/VoldConnector( 1176): NDC Command {5 asec list} took too long (958ms)
I/ActivityManager( 1176): Start proc com.gau.go.launcherex:DownloadService for s ervice com.gau.go.launcherex/com.jiubang.ggheart.appgame.download.DownloadServic e: pid=3499 uid=10130 gids={50130, 3003, 1015, 1028}
E/DropBoxManagerService( 1176): Can't write: system_app_strictmode
E/DropBoxManagerService( 1176): java.io.IOException: Can't list files: /data/sys tem/dropbox
E/DropBoxManagerService( 1176): at com.android.server.DropBoxManagerServ ice.init(DropBoxManagerService.java:594)
E/DropBoxManagerService( 1176): at com.android.server.DropBoxManagerServ ice.add(DropBoxManagerService.java:185)

E/DropBoxManagerService( 1176): at android.os.DropBoxManager.addText(Dro pBoxManager.java:272)
E/DropBoxManagerService( 1176): at com.android.server.am.ActivityManager Service$12.run(ActivityManagerService.java:8462)
E/VoldConnector( 1176): NDC Command {24 asec mount com.babbel.mobile.android.pt1 75a443f1ee1915950cc72f943be6c253 1000} took too long (904ms)
W/PackageParser( 1176): No actions in intent filter at /mnt/asec/com.picsart.stu dio-1/pkg.apk Binary XML file line #143
W/PackageParser( 1176): No actions in intent filter at /mnt/asec/com.picsart.stu dio-1/pkg.apk Binary XML file line #979
W/PackageParser( 1176): No actions in intent filter at /mnt/asec/com.picsart.stu dio-1/pkg.apk Binary XML file line #988
W/PackageParser( 1176): Unknown element under <manifest>: com.admob.android.ads. AdView at /mnt/asec/com.supercsman-1/pkg.apk Binary XML file line #9
E/DropBoxManagerService( 1176): Can't write: system_app_strictmode
E/DropBoxManagerService( 1176): java.io.IOException: Can't list files: /data/sys tem/dropbox
E/DropBoxManagerService( 1176): at com.android.server.DropBoxManagerServ ice.init(DropBoxManagerService.java:594)
E/DropBoxManagerService( 1176): at com.android.server.DropBoxManagerServ ice.add(DropBoxManagerService.java:185)
E/DropBoxManagerService( 1176): at android.os.DropBoxManager.addText(Dro pBoxManager.java:272)
E/DropBoxManagerService( 1176): at com.android.server.am.ActivityManager Service$12.run(ActivityManagerService.java:8462)
W/PackageManager( 1176): Not granting permission android.permission.CHANGE_CONFI GURATION to package com.inisoft.mediaplayer.a (protectionLevel=50 flags=0x88be44 )
W/PackageManager( 1176): Not granting permission android.permission.BACKUP to pa ckage com.glu.gladiator2 (protectionLevel=18 flags=0x8bbc44)
W/PackageManager( 1176): Not granting permission android.permission.CHANGE_COMPO NENT_ENABLED_STATE to package com.gau.go.launcherex.theme.SMARTISAN.fourinone (p rotectionLevel=18 flags=0x80be44)
W/PackageManager( 1176): Not granting permission android.permission.MOUNT_UNMOUN T_FILESYSTEMS to package com.gau.go.launcherex.theme.SMARTISAN.fourinone (protec tionLevel=18 flags=0x80be44)
W/PackageManager( 1176): Not granting permission android.permission.READ_LOGS to package com.gau.go.launcherex.theme.SMARTISAN.fourinone (protectionLevel=50 fla gs=0x80be44)
W/PackageManager( 1176): Unknown permission android.permission.ADD_SYSTEM_SERVIC E in package com.android.phone
W/PackageManager( 1176): Not granting permission android.permission.CHANGE_COMPO NENT_ENABLED_STATE to package com.mikersmicros.fm_fr (protectionLevel=18 flags=0 x88be44)
W/PackageManager( 1176): Unknown permission com.motorola.android.permission.USEF MRADIO in package com.mikersmicros.fm_fr
W/PackageManager( 1176): Not granting permission android.permission.READ_LOGS to package com.mikersmicros.fm_fr (protectionLevel=50 flags=0x88be44)
W/PackageManager( 1176): Unknown permission android.permission.ACCESS_FM_RECEIVE R in package com.mikersmicros.fm_fr
W/PackageManager( 1176): Unknown permission ti.permission.FMRX_ADMIN in package com.mikersmicros.fm_fr
W/PackageManager( 1176): Unknown permission ti.permission.FMRX in package com.mi kersmicros.fm_fr
W/PackageManager( 1176): Unknown permission com.sonyericsson.permission.FMRADIO in package com.mikersmicros.fm_fr
W/PackageManager( 1176): Unknown permission com.sonyericsson.permission.MUSIC in package com.mikersmicros.fm_fr
W/PackageManager( 1176): Unknown permission android.permission.FM_RADIO_RECEIVER in package com.mikersmicros.fm_fr

W/PackageManager( 1176): Unknown permission android.permission.FM_RADIO_TRANSMIT TER in package com.mikersmicros.fm_fr
W/PackageManager( 1176): Unknown permission com.android.vending.billing.IBilling AccountService.BIND2 in package com.google.android.gsf.login
W/PackageManager( 1176): Unknown permission com.android.chrome.TOS_ACKED in pack age com.google.android.gsf.login
W/PackageManager( 1176): Unknown permission com.google.android.gallery3d.permiss ion.GALLERY_PROVIDER in package com.android.bluetooth
W/PackageManager( 1176): Not granting permission android.permission.MODIFY_PHONE _STATE to package com.kober.headsetbutton (protectionLevel=18 flags=0x8be44)
W/PackageManager( 1176): Unknown permission net.dinglisch.android.tasker.PERMISS ION_RUN_TASKS in package com.kober.headsetbutton
W/PackageManager( 1176): Not granting permission com.android.email.permission.AC CESS_PROVIDER to package cn.wps.moffice_eng (protectionLevel=2 flags=0x8be44)
W/PackageManager( 1176): Not granting permission android.permission.CHANGE_COMPO NENT_ENABLED_STATE to package com.jiubang.goscreenlock.theme.interstellar (prote ctionLevel=18 flags=0xbe44)
W/PackageManager( 1176): Unknown permission com.amazon.permission.SET_FLAG_NOSOF TKEYS in package com.gameloft.android.AMAZ.GloftM4AS
W/PackageManager( 1176): Unknown permission com.amazon.device.messaging.permissi on.RECEIVE in package com.gameloft.android.AMAZ.GloftM4AS
W/PackageManager( 1176): Not granting permission glshare.permission.ACCESS_SHARE D_DATA to package com.gameloft.android.AMAZ.GloftM4AS (protectionLevel=2 flags=0 x8bc44)
W/PackageManager( 1176): Not granting permission android.permission.SEND_DOWNLOA D_COMPLETED_INTENTS to package com.android.browser (protectionLevel=2 flags=0x89 be45)
W/PackageManager( 1176): Not granting permission android.permission.CHANGE_COMPO NENT_ENABLED_STATE to package com.gau.go.launcherex.theme.Robot.dante.fourinone (protectionLevel=18 flags=0x80be44)
W/PackageManager( 1176): Not granting permission android.permission.MOUNT_UNMOUN T_FILESYSTEMS to package com.gau.go.launcherex.theme.Robot.dante.fourinone (prot ectionLevel=18 flags=0x80be44)
W/PackageManager( 1176): Not granting permission android.permission.READ_LOGS to package com.gau.go.launcherex.theme.Robot.dante.fourinone (protectionLevel=50 f lags=0x80be44)
W/PackageManager( 1176): Not granting permission android.permission.MOUNT_UNMOUN T_FILESYSTEMS to package com.wondershare.mobilego (protectionLevel=18 flags=0x88 be44)
W/PackageManager( 1176): Not granting permission android.permission.INSTALL_PACK AGES to package com.wondershare.mobilego (protectionLevel=18 flags=0x88be44)
W/PackageManager( 1176): Not granting permission android.permission.DELETE_PACKA GES to package com.wondershare.mobilego (protectionLevel=18 flags=0x88be44)
W/PackageManager( 1176): Not granting permission android.permission.READ_FRAME_B UFFER to package com.google.android.marvin.talkback (protectionLevel=18 flags=0x 49be44)
W/PackageManager( 1176): Not granting permission android.permission.REBOOT to pa ckage com.otaupdater (protectionLevel=18 flags=0x88be44)
W/PackageManager( 1176): Not granting permission android.permission.WRITE_SECURE _SETTINGS to package com.latedroid.juicedefender (protectionLevel=50 flags=0x89b e44)
W/PackageManager( 1176): Not granting permission android.permission.MODIFY_PHONE _STATE to package com.latedroid.juicedefender (protectionLevel=18 flags=0x89be44 )
W/PackageManager( 1176): Not granting permission android.permission.WRITE_APN_SE TTINGS to package com.latedroid.juicedefender (protectionLevel=18 flags=0x89be44 )
W/PackageManager( 1176): Not granting permission com.android.voicemail.permissio n.READ_WRITE_ALL_VOICEMAIL to package com.keramidas.TitaniumBackup (protectionLe vel=2 flags=0x8be44)

W/PackageManager( 1176): Unknown permission android.permission.LOCATION_HARDWARE in package com.google.android.gms
W/PackageManager( 1176): Unknown permission com.google.android.gallery3d.permiss ion.PICASA_STORE in package com.android.dreams.phototable
W/PackageManager( 1176): Unknown permission android.permission.READ_OWNER_DATA i n package com.google.android.setupwizard
