W/System.err( 4927): android.content.pm.PackageManager$NameNotFoundException: co m.westtek.jcp
W/System.err( 4927): at android.app.ApplicationPackageManager.getPackageInfo( ApplicationPackageManager.java:81)
W/System.err( 4927): at com.trustgo.common.af.b(Unknown Source)
W/System.err( 4927): at com.trustgo.b.n.d(Unknown Source)
W/System.err( 4927): at com.trustgo.service.TrustgoService.H(Unknown Source)
W/System.err( 4927): at com.trustgo.service.c.run(Unknown Source)
W/System.err( 4927): android.content.pm.PackageManager$NameNotFoundException: co m.westtek.jcpResources
W/System.err( 4927): at android.app.ApplicationPackageManager.getPackageInfo( ApplicationPackageManager.java:81)
W/System.err( 4927): at com.trustgo.common.af.b(Unknown Source)
W/System.err( 4927): at com.trustgo.b.n.d(Unknown Source)
W/System.err( 4927): at com.trustgo.service.TrustgoService.H(Unknown Source)
W/System.err( 4927): at com.trustgo.service.c.run(Unknown Source)
W/System.err( 4927): android.content.pm.PackageManager$NameNotFoundException: co m.zinio.android.settings
W/System.err( 4927): at android.app.ApplicationPackageManager.getPackageInfo( ApplicationPackageManager.java:81)
W/System.err( 4927): at com.trustgo.common.af.b(Unknown Source)
W/System.err( 4927): at com.trustgo.b.n.d(Unknown Source)
W/System.err( 4927): at com.trustgo.service.TrustgoService.H(Unknown Source)
W/System.err( 4927): at com.trustgo.service.c.run(Unknown Source)
W/System.err( 4927): android.content.pm.PackageManager$NameNotFoundException: co m.zinio.mobile.android.reader

W/System.err( 4927): at android.app.ApplicationPackageManager.getPackageInfo( ApplicationPackageManager.java:81)
W/System.err( 4927): at com.trustgo.common.af.b(Unknown Source)
W/System.err( 4927): at com.trustgo.b.n.d(Unknown Source)
W/System.err( 4927): at com.trustgo.service.TrustgoService.H(Unknown Source)
W/System.err( 4927): at com.trustgo.service.c.run(Unknown Source)
W/System.err( 4927): android.content.pm.PackageManager$NameNotFoundException: ja vax.microedition.gba.android
W/System.err( 4927): at android.app.ApplicationPackageManager.getPackageInfo( ApplicationPackageManager.java:81)
W/System.err( 4927): at com.trustgo.common.af.b(Unknown Source)
W/System.err( 4927): at com.trustgo.b.n.d(Unknown Source)
W/System.err( 4927): at com.trustgo.service.TrustgoService.H(Unknown Source)
W/System.err( 4927): at com.trustgo.service.c.run(Unknown Source)
W/System.err( 4927): android.content.pm.PackageManager$NameNotFoundException: ja vax.microedition.ims
W/System.err( 4927): at android.app.ApplicationPackageManager.getPackageInfo( ApplicationPackageManager.java:81)
W/System.err( 4927): at com.trustgo.common.af.b(Unknown Source)
W/System.err( 4927): at com.trustgo.b.n.d(Unknown Source)
W/System.err( 4927): at com.trustgo.service.TrustgoService.H(Unknown Source)
W/System.err( 4927): at com.trustgo.service.c.run(Unknown Source)
W/System.err( 4927): android.content.pm.PackageManager$NameNotFoundException: or g.simalliance.openmobileapi.service
W/System.err( 4927): at android.app.ApplicationPackageManager.getPackageInfo( ApplicationPackageManager.java:81)
W/System.err( 4927): at com.trustgo.common.af.b(Unknown Source)
W/System.err( 4927): at com.trustgo.b.n.d(Unknown Source)
W/System.err( 4927): at com.trustgo.service.TrustgoService.H(Unknown Source)
W/System.err( 4927): at com.trustgo.service.c.run(Unknown Source)
E/BinaryDictionaryGetter( 1675): Could not find a dictionary pack
E/ActivityThread( 1675): Failed to find provider info for com.android.inputmetho d.latin.dictionarypack
W/System.err( 4927): android.content.pm.PackageManager$NameNotFoundException: co m.koushikdutta.backup
W/System.err( 4927): at android.app.ApplicationPackageManager.getPackageInfo( ApplicationPackageManager.java:81)
W/System.err( 4927): at com.trustgo.common.af.b(Unknown Source)
W/System.err( 4927): at com.trustgo.b.n.d(Unknown Source)
W/System.err( 4927): at com.trustgo.service.TrustgoService.H(Unknown Source)
W/System.err( 4927): at com.trustgo.service.c.run(Unknown Source)
W/System.err( 4927): android.content.pm.PackageManager$NameNotFoundException: co m.a0soft.gphone.app2sd.pro
W/System.err( 4927): at android.app.ApplicationPackageManager.getPackageInfo( ApplicationPackageManager.java:81)
W/System.err( 4927): at com.trustgo.common.af.b(Unknown Source)
W/System.err( 4927): at com.trustgo.b.n.d(Unknown Source)
W/System.err( 4927): at com.trustgo.service.TrustgoService.H(Unknown Source)
W/System.err( 4927): at com.trustgo.service.c.run(Unknown Source)
D/MP-Decision( 2089): DOWN Ns:2.100000 Ts:270 rq:0.000000 seq:296 (Up time:1085)
I/qtaguid ( 2388): Failed write_ctrl(u 50) res=-1 errno=22
I/qtaguid ( 2388): Untagging socket 50 failed errno=-22
W/NetworkManagementSocketTagger( 2388): untagSocket(50) failed with errno -22
D/Finsky ( 2388): [1] MarketBillingService.sendResponseCode: Sending response R ESULT_DEVELOPER_ERROR for request 7350137126064752487 to com.gau.go.launcherex.g owidget.taskmanagerex.
I/BillingService( 2433): handleCommand() action: com.android.vending.billing.RES PONSE_CODE
D/BillingService( 2433): g: RESULT_DEVELOPER_ERROR
E/GoWidgetApplication( 2433): RestoreTransactions error: RESULT_DEVELOPER_ERROR

D/MP-Decision( 2089): UP Nw:2.700000 Tw:180 rq:3.500000 seq:199
D/MP-Decision( 2089): DOWN Ns:2.100000 Ts:270 rq:1.400000 seq:304 (Up time:304)
I/BATT_RUB( 134): pd_M:95, MBAT_pd:4160, I_MBAT:-355, pd_temp:0
I/BATT_RUB( 134): sff Ruby_calculate_level, forced_discharge_algo:0
I/BATT_ALG( 134): set_battery_voltage_alarm level=89, alarm_config=25, batt_ala rm_config=25
I/BATT_ALG( 134): vol=4065;curr=0;dis_curr=355;temp=349;id=1;level=89;chg_src=0 ;chg_en=0;ov_chg=0;isOver_temp=0;timer=60;safety_count=0
D/MP-Decision( 2089): UP Nw:2.700000 Tw:180 rq:3.900000 seq:198
W/ProcessStats( 1176): Skipping unknown process pid 6019
D/QCUtilClass( 130): extended extractor not needed, return default
I/SoftAAC2( 130): Reconfiguring decoder: 44100 Hz, 1 channels
I/OMXNodeInstance( 130): OMX_FreeBuffer for buffer header 0x127cef0 successful
I/OMXNodeInstance( 130): OMX_FreeBuffer for buffer header 0x127d0d0 successful
I/OMXNodeInstance( 130): OMX_FreeBuffer for buffer header 0x12888e8 successful
I/OMXNodeInstance( 130): OMX_FreeBuffer for buffer header 0x1288a10 successful
V/AudioHardwareMSM8660( 130): open driver
V/AudioHardwareMSM8660( 130): get config
V/AudioHardwareMSM8660( 130): set config
V/AudioHardwareMSM8660( 130): buffer_size: 4800
V/AudioHardwareMSM8660( 130): buffer_count: 2
V/AudioHardwareMSM8660( 130): channel_count: 2
V/AudioHardwareMSM8660( 130): sample_rate: 44100
E/AudioHardwareMSM8660( 130): write(): dec_id = 1 cur_rx = 2
D/AudioHardwareMSM8660( 130): do_aic3254_control device: 1 mode: 0 record: 0
D/AudioHardwareMSM8660( 130): do_aic3254_control: set aic3254 rx to 13
E/AudioHardwareMSM8660( 130): cur_rx for pcm playback = 2
E/AudioHardwareMSM8660( 130): value of device and enable is 2 1 ALSA dev id:2
D/ACDB-LOADER( 130): ACDB -> send_audio_cal, acdb_id = 15, path = 0
D/ACDB-LOADER( 130): ACDB -> send_audtable
D/ACDB-LOADER( 130): ACDB -> ACDB_CMD_GET_AUDPROC_COMMON_TABLE
D/ACDB-LOADER( 130): ACDB -> AUDIO_SET_AUDPROC_CAL
D/ACDB-LOADER( 130): ACDB -> send_audvoltable
D/ACDB-LOADER( 130): ACDB -> ACDB_CMD_GET_AUDPROC_GAIN_DEP_VOLTBL_STEP_COPP
D/ACDB-LOADER( 130): ACDB -> AUDIO_SET_AUDPROC_VOL_CAL
D/AudioHardwareMSM8660( 130): addToTable stream 1
D/MP-Decision( 2089): DOWN Ns:2.100000 Ts:270 rq:0.300000 seq:297 (Up time:1185)
V/AudioHardwareMSM8660( 130): AudioStreamOutMSM8x60::getParameters() voip_flag=
V/AudioHardwareMSM8660( 130): AudioStreamOutMSM8x60::getParameters() voip_flag=
V/AudioHardwareMSM8660( 130): AudioStreamOutMSM8x60::getParameters() voip_flag=
V/AudioHardwareMSM8660( 130): AudioStreamOutMSM8x60::getParameters() voip_flag=
V/AudioHardwareMSM8660( 130): AudioStreamOutMSM8x60::getParameters() voip_flag=
I/OMXNodeInstance( 130): OMX_FreeBuffer for buffer header 0x12853c8 successful
I/OMXNodeInstance( 130): OMX_FreeBuffer for buffer header 0x1285328 successful
I/OMXNodeInstance( 130): OMX_FreeBuffer for buffer header 0x127c970 successful
I/OMXNodeInstance( 130): OMX_FreeBuffer for buffer header 0x127c7b8 successful
I/OMXNodeInstance( 130): OMX_FreeBuffer for buffer header 0x127d070 successful
I/OMXNodeInstance( 130): OMX_FreeBuffer for buffer header 0x12854e8 successful
I/OMXNodeInstance( 130): OMX_FreeBuffer for buffer header 0x1288ca8 successful
I/OMXNodeInstance( 130): OMX_FreeBuffer for buffer header 0x12837e0 successful
D/QCUtilClass( 130): extended extractor not needed, return default
I/SoftAAC2( 130): Reconfiguring decoder: 44100 Hz, 1 channels
I/OMXNodeInstance( 130): OMX_FreeBuffer for buffer header 0x127e820 successful
I/OMXNodeInstance( 130): OMX_FreeBuffer for buffer header 0x1286020 successful
I/OMXNodeInstance( 130): OMX_FreeBuffer for buffer header 0x1281c20 successful
I/OMXNodeInstance( 130): OMX_FreeBuffer for buffer header 0x1281d48 successful
D/MP-Decision( 2089): UP Nw:2.700000 Tw:180 rq:3.000000 seq:198
V/AudioHardwareMSM8660( 130): AudioStreamOutMSM8x60::getParameters() voip_flag=
V/AudioHardwareMSM8660( 130): AudioStreamOutMSM8x60::getParameters() voip_flag=
V/AudioHardwareMSM8660( 130): AudioStreamOutMSM8x60::getParameters() voip_flag=

V/AudioHardwareMSM8660( 130): AudioStreamOutMSM8x60::getParameters() voip_flag=
V/AudioHardwareMSM8660( 130): AudioStreamOutMSM8x60::getParameters() voip_flag=
D/MP-Decision( 2089): DOWN Ns:2.100000 Ts:270 rq:0.689922 seq:337 (Up time:542)
D/dalvikvm( 1176): GC_FOR_ALLOC freed 1409K, 21% free 9477K/11940K, paused 110ms , total 112ms
I/OMXNodeInstance( 130): OMX_FreeBuffer for buffer header 0x127c5a0 successful
I/OMXNodeInstance( 130): OMX_FreeBuffer for buffer header 0x127c4e8 successful
I/OMXNodeInstance( 130): OMX_FreeBuffer for buffer header 0x1280cf0 successful
I/OMXNodeInstance( 130): OMX_FreeBuffer for buffer header 0x12862c8 successful
I/OMXNodeInstance( 130): OMX_FreeBuffer for buffer header 0x1281cf0 successful
I/OMXNodeInstance( 130): OMX_FreeBuffer for buffer header 0x127e858 successful
I/OMXNodeInstance( 130): OMX_FreeBuffer for buffer header 0x127d0b0 successful
I/OMXNodeInstance( 130): OMX_FreeBuffer for buffer header 0x127c5f8 successful
I/ActivityManager( 1176): START u0 {flg=0x14000000 cmp=com.whatsapp/.Conversatio n (has extras)} from pid 5156
D/dalvikvm( 1176): GC_FOR_ALLOC freed 288K, 21% free 9449K/11940K, paused 109ms, total 111ms
D/AudioHardwareMSM8660( 130): AudioStreamOutMSM8x60::standby()
D/AudioHardwareMSM8660( 130): Deroute pcm stream
D/AudioHardwareMSM8660( 130): deleteFromTable stream 1
D/AudioHardwareMSM8660( 130): updateDeviceInfo: E
D/AudioHardwareMSM8660( 130): simple device switch
E/AudioHardwareMSM8660( 130): value of device and enable is 2 0 ALSA dev id:2
D/dalvikvm( 5156): GC_CONCURRENT freed 1832K, 49% free 6477K/12676K, paused 14ms +24ms, total 150ms
E/AudioHardwareMSM8660( 130): value of device and enable is 3 0 ALSA dev id:4
D/AudioHardwareMSM8660( 130): do_aic3254_control device: 1 mode: 0 record: 0
D/AudioHardwareMSM8660( 130): do_aic3254_control: set aic3254 rx to 29
I/AudioHardwareMSM8660( 130): aic3254 powered off
I/ActivityManager( 1176): Displayed com.whatsapp/.Conversation: +836ms
D/dalvikvm( 1176): GC_FOR_ALLOC freed 277K, 21% free 9455K/11940K, paused 106ms, total 107ms
D/dalvikvm( 1176): GC_FOR_ALLOC freed 249K, 21% free 9451K/11940K, paused 105ms, total 106ms
I/DemoService( 2107): DiyScheduer.onStart
I/ggheart ( 2107): onStart
V/PhoneStatusBar( 1574): setLightsOn(true)
V/capture ( 2107): resumecapture
W/IInputConnectionWrapper( 5156): showStatusIcon on inactive InputConnection
D/MP-Decision( 2089): UP Nw:2.700000 Tw:180 rq:2.900000 seq:198
D/MP-Decision( 2089): DOWN Ns:2.100000 Ts:270 rq:1.091743 seq:304 (Up time:304)
I/BATT_ALG( 134): batt_alg_cable_detection: cable detection handler, charging s ource = 1
I/BATT_MAIN( 134): acquire battery wakelock
I/BATT_ALG( 134): batt_alg_check_charging: charging_source = 1, isOver_temp = 0
I/BATT_ALG( 134): batt_alg_set_charging: set charging: 1
D/PicasaUploaderSyncManager( 4991): battery info: true
D/MP-Decision( 2089): UP Nw:2.700000 Tw:180 rq:6.000000 seq:198
E/NotificationService( 1176): Ignoring notification with icon==0: Notification(p ri=2 contentView=null vibrate=null sound=null defaults=0x0 flags=0xffffffff kind =[null])
I/JuiceDefender.Service( 2935): Charger connected
D/MP-Decision( 2089): DOWN Ns:2.100000 Ts:270 rq:1.000000 seq:297 (Up time:690)
D/MP-Decision( 2089): UP Nw:2.700000 Tw:180 rq:3.700000 seq:198

You might also like