The document contains log entries from an Android application, highlighting various system events and warnings, including slow Binder transactions and camera service connection issues. It also notes permission errors related to Bluetooth and missing dependencies for the Glide image loading library. Additionally, there are multiple warnings about unrecognized video capabilities and resource inflation failures.
We take content rights seriously. If you suspect this is your content, claim it here.
Available Formats
Download as TXT, PDF, TXT or read online on Scribd
0 ratings0% found this document useful (0 votes)
10 views21 pages
logcat_1744194057311
The document contains log entries from an Android application, highlighting various system events and warnings, including slow Binder transactions and camera service connection issues. It also notes permission errors related to Bluetooth and missing dependencies for the Glide image loading library. Additionally, there are multiple warnings about unrecognized video capabilities and resource inflation failures.
We take content rights seriously. If you suspect this is your content, claim it here.
Available Formats
Download as TXT, PDF, TXT or read online on Scribd
You are on page 1/ 21
--------- beginning of system
04-09 12:20:56.197 12512 12512 I ForceDarkHelperStubImpl: initialize for
com.corepix.videorecording , ForceDarkOrigin
04-09 12:20:56.577 12512 12512 D ViewScrollStubImpl: the value of ScrollFrictionRes is: 0.019499999
04-09 12:20:57.033 12512 12680 W BpBinder: Slow Binder: BpBinder transact took 323 ms, interface=android.app.IActivityManager, code=13 oneway=false
04-09 12:20:57.060 12512 12672 W BpBinder: Slow Binder: BpBinder transact took 307 ms, interface=android.app.IActivityManager, code=30 oneway=false
04-09 12:20:57.060 12512 12512 W BpBinder: Slow Binder: BpBinder transact took 296 ms, interface=android.app.IActivityManager, code=13 oneway=false
04-09 12:20:57.423 12512 12512 W Looper : PerfMonitor longMsg : seq=2 plan=١٢:٢٠:٥ ٥.٩٥٩ late=12ms wall=1451ms running=338ms runnable=99ms io=61ms binder=662ms h=android.app.ActivityThread$H w=110 procState=-1 --------- beginning of main
04-09 12:20:57.452 12512 12512 D IS_CTS_MODE: false
04-09 12:20:57.452 12512 12512 D MULTI_WINDOW_SWITCH_ENABLED: false
04-09 12:20:57.453 12512 12512 D IS_CTS_MODE: false
04-09 12:20:57.453 12512 12512 D MULTI_WINDOW_SWITCH_ENABLED: false
04-09 12:20:57.453 12512 12512 D IS_CTS_MODE: false
04-09 12:20:57.453 12512 12512 D MULTI_WINDOW_SWITCH_ENABLED: false
04-09 12:20:57.456 12512 12512 D DecorView[]: getWindowModeFromSystem windowmode is 1
04-09 12:20:57.477 12512 12850 I CameraManagerGlobal: Connecting to camera service
04-09 12:20:57.489 12512 12850 D CameraExtStub: init android.hardware.camera2.impl.CameraExtImplXiaoMi
04-09 12:20:57.490 12512 12850 W libc : Access denied finding property "vendor.camera.aux.packagelist"
04-09 12:20:57.490 12512 12850 W CameraManagerGlobal: [soar.cts] ignore the status update of camera: 2
04-09 12:20:57.490 12512 12850 W libc : Access denied finding property "vendor.camera.aux.packagelist"
04-09 12:20:57.490 12512 12850 W CameraManagerGlobal: [soar.cts] ignore the status update of camera: 3
04-09 12:20:57.490 12512 12850 W libc : Access denied finding property "vendor.camera.aux.packagelist"
04-09 12:20:57.490 12512 12850 W CameraManagerGlobal: [soar.cts] ignore the status update of camera: 4
04-09 12:20:57.490 12512 12850 W libc : Access denied finding property "vendor.camera.aux.packagelist"
04-09 12:20:57.490 12512 12850 W CameraManagerGlobal: [soar.cts] ignore the status update of camera: 5
04-09 12:20:57.490 12512 12850 W libc : Access denied finding property "vendor.camera.aux.packagelist"
04-09 12:20:57.490 12512 12850 W CameraManagerGlobal: [soar.cts] ignore the status update of camera: 6
04-09 12:20:57.490 12512 12850 W libc : Access denied finding property "vendor.camera.aux.packagelist"
04-09 12:20:57.490 12512 12850 W CameraManagerGlobal: [soar.cts] ignore the status update of camera: 7
04-09 12:20:57.490 12512 12850 W libc : Access denied finding property "vendor.camera.aux.packagelist"
04-09 12:20:57.490 12512 12850 W CameraManagerGlobal: [soar.cts] ignore the status update of camera: 8
04-09 12:20:57.505 12512 12549 W libc : Access denied finding property "vendor.camera.aux.packagelist"
04-09 12:20:57.505 12512 12549 W CameraManagerGlobal: ignore the torch status update of camera: 3
04-09 12:20:57.506 12512 12549 W libc : Access denied finding property "vendor.camera.aux.packagelist"
04-09 12:20:57.506 12512 12549 W CameraManagerGlobal: ignore the torch status update of camera: 4
04-09 12:20:57.506 12512 12549 W libc : Access denied finding property "vendor.camera.aux.packagelist"
04-09 12:20:57.506 12512 12549 W CameraManagerGlobal: ignore the torch status update of camera: 5
04-09 12:20:57.506 12512 12549 W libc : Access denied finding property "vendor.camera.aux.packagelist"
04-09 12:20:57.506 12512 12549 W CameraManagerGlobal: ignore the torch status update of camera: 6
04-09 12:20:57.506 12512 12549 W libc : Access denied finding property "vendor.camera.aux.packagelist"
04-09 12:20:57.506 12512 12549 W CameraManagerGlobal: ignore the torch status update of camera: 7
04-09 12:20:57.539 12512 12512 E DB : Default script added
04-09 12:20:57.556 12512 12512 D arraylist: [{"arrayList": [],"id":1,"setLastRecordedVideoName":0}]
04-09 12:20:57.640 12512 12512 D establishConnection::: true
04-09 12:20:57.708 12512 12512 D DecorView[]: getWindowModeFromSystem windowmode is 1
04-09 12:20:57.708 12512 12512 D DecorView[]: updateDecorCaptionStatus displayWindowDecor is false
04-09 12:20:57.724 12512 12512 W Looper : PerfMonitor looperActivity : package=com.corepix.videorecording/com.smartvlogger.Activity.OnboardActivity time=294ms latency=1468ms running=102ms procState=-1 historyMsgCount=2 (msgIndex=2 wall=1451ms seq=2 running=338ms runnable=99ms io=61ms binder=662ms h=android.app.ActivityThread$H w=110)
04-09 12:20:57.769 12512 12699 W cr_media: BLUETOOTH_CONNECT permission is missing.
04-09 12:20:57.770 12512 12699 W cr_media: getBluetoothAdapter() requires BLUETOOTH permission
04-09 12:20:57.770 12512 12699 W cr_media: registerBluetoothIntentsIfNeeded: Requires BLUETOOTH permission
04-09 12:20:57.790 12512 12893 I AdrenoGLES-0: QUALCOMM build : c5f0e23, I9972db7aac
04-09 12:20:57.790 12512 12893 I AdrenoGLES-0: Build Date : 04/28/21
04-09 12:20:57.790 12512 12893 I AdrenoGLES-0: OpenGL ES Shader Compiler Version: EV031.32.02.10
04-09 12:20:57.790 12512 12893 I AdrenoGLES-0: Local Branch : mybrancheba83f1e-3815-f156-b760-08f1eafda2d8
04-09 12:20:57.790 12512 12893 I AdrenoGLES-0: Remote Branch : quic/gfx-adreno.lnx.1.0.r99-rel
04-09 12:20:57.790 12512 12893 I AdrenoGLES-0: Remote Branch : NONE
04-09 12:20:57.790 12512 12893 I AdrenoGLES-0: Reconstruct Branch : NOTHING
04-09 12:20:57.790 12512 12893 I AdrenoGLES-0: Build Config : S P 10.0.7 AArch64
04-09 12:20:57.790 12512 12893 I AdrenoGLES-0: Driver Path : /vendor/lib64/egl/libGLESv2_adreno.so
04-09 12:20:57.820 12512 12588 E FirebaseCrashlytics: Settings request failed.
04-09 12:20:57.828 12512 12893 I AdrenoGLES-0: PFP: 0x016ee190, ME: 0x00000000
04-09 12:20:58.002 12512 12893 W chromium: [WARNING:viz_main_impl.cc(85)] VizNullHypothesis is disabled (not a warning)
04-09 12:20:58.152 12512 12940 W BillingClient: getSkuDetails() failed for queryProductDetailsAsync. Response code: 12
04-09 12:20:58.409 12512 12512 W Glide : Failed to find GeneratedAppGlideModule. You should include an annotationProcessor compile dependency on com.github.bumptech.glide:compiler in your application and a @GlideModule annotated AppGlideModule implementation or LibraryGlideModules will be silently ignored
04-09 12:20:58.473 12512 12512 D hw-ProcessState: Binder ioctl to enable oneway spam detection failed: Invalid argument
04-09 12:20:58.513 12512 12512 E .videorecordin: open libmigui.so failed! dlopen - dlopen failed: library "libmigui.so" not found
04-09 12:20:58.516 12512 12512 W Looper : PerfMonitor doFrame : time=670ms vsyncFrame=0 latency=131ms procState=-1 historyMsgCount=47 (msgIndex=3 wall=670ms seq=48 running=245ms runnable=376ms io=4ms binder=51ms late=131ms h=android.view.Choreographer$FrameHandler c=android.view.Choreographer$FrameDisplayEventReceiver) (msgIndex=30 wall=69ms seq=30 running=26ms runnable=14ms io=7ms binder=1ms h=com.google.android.gms.ads.internal.util.f c=com.google.android.gms.ads.internal.webview.af)
04-09 12:20:58.606 12512 12512 I Choreographer: Skipped 44 frames! The application may be doing too much work on its main thread.
04-09 12:20:58.607 12512 12512 W Looper : PerfMonitor doFrame : time=0ms vsyncFrame=0 latency=742ms procState=-1 historyMsgCount=8
04-09 12:20:58.639 12512 12737 W VideoCapabilities: Unrecognized profile/level 0/3 for video/mpeg2
04-09 12:20:59.819 12512 12623 I FA : Application backgrounded at: timestamp_millis: 1744194057817
04-09 12:21:01.018 12512 12512 D DecorView[]: onWindowFocusChanged hasWindowFocus true
04-09 12:21:03.547 12512 13469 W BillingClient: getSkuDetails() failed for queryProductDetailsAsync. Response code: 12
04-09 12:21:07.091 12512 12512 D IS_CTS_MODE: false
04-09 12:21:07.091 12512 12512 D MULTI_WINDOW_SWITCH_ENABLED: false
04-09 12:21:07.092 12512 12512 D DecorView[]: getWindowModeFromSystem windowmode is 1
04-09 12:21:07.142 12512 12512 E Adapter : Size of list 1
04-09 12:21:07.213 12512 12512 D DecorView[]: onWindowFocusChanged hasWindowFocus false
04-09 12:21:07.249 12512 12512 D DecorView[]: onWindowFocusChanged hasWindowFocus true
04-09 12:21:08.679 12512 12512 E chromium: [ERROR:aw_browser_terminator.cc(165)] Renderer process (12682) crash detected (code -1).
04-09 12:21:19.486 12512 12512 D IS_CTS_MODE: false
04-09 12:21:19.486 12512 12512 D MULTI_WINDOW_SWITCH_ENABLED: false
04-09 12:21:19.486 12512 12512 D DecorView[]: getWindowModeFromSystem windowmode is 1
04-09 12:21:19.504 12512 12512 W ResourcesCompat: Failed to inflate ColorStateList, leaving it to the framework
04-09 12:21:19.504 12512 12512 W ResourcesCompat: java.lang.UnsupportedOperationException: Failed to resolve attribute at index 0: TypedValue{t=0x2/d=0x7f040116 a=-1}
04-09 12:21:19.504 12512 12512 W ResourcesCompat: at android.content.res.TypedArray.getColor(TypedArray.java:532)
04-09 12:21:19.504 12512 12512 W ResourcesCompat: at androidx.core.content.res.ColorStateListInflaterCompat.inflate(ColorStateListInflat erCompat.java:160)
04-09 12:21:19.504 12512 12512 W ResourcesCompat: at androidx.core.content.res.ColorStateListInflaterCompat.createFromXmlInner(ColorStat eListInflaterCompat.java:125)
04-09 12:21:19.504 12512 12512 W ResourcesCompat: at androidx.core.content.res.ColorStateListInflaterCompat.createFromXml(ColorStateList InflaterCompat.java:104)
04-09 12:21:19.504 12512 12512 W ResourcesCompat: at androidx.core.content.res.ResourcesCompat.inflateColorStateList(ResourcesCompat.jav a:262)
04-09 12:21:19.504 12512 12512 W ResourcesCompat: at androidx.core.content.res.ResourcesCompat.getColorStateList(ResourcesCompat.java:23 6)
04-09 12:21:19.504 12512 12512 W ResourcesCompat: at androidx.core.content.ContextCompat.getColorStateList(ContextCompat.java:558)
04-09 12:21:19.504 12512 12512 W ResourcesCompat: at androidx.appcompat.content.res.AppCompatResources.getColorStateList(AppCompatResour ces.java:48)
04-09 12:21:19.504 12512 12512 W ResourcesCompat: at com.google.android.material.resources.MaterialResources.getColorStateList(MaterialR esources.java:55)
04-09 12:21:19.504 12512 12512 W ResourcesCompat: at com.google.android.material.imageview.ShapeableImageView.<init>(ShapeableImageView. java:99)
04-09 12:21:19.504 12512 12512 W ResourcesCompat: at com.google.android.material.imageview.ShapeableImageView.<init>(ShapeableImageView. java:79)
04-09 12:21:19.504 12512 12512 W ResourcesCompat: at java.lang.reflect.Constructor.newInstance0(Native Method)
04-09 12:21:19.504 12512 12512 W ResourcesCompat: at java.lang.reflect.Constructor.newInstance(Constructor.java:343)
04-09 12:21:19.504 12512 12512 W ResourcesCompat: at android.view.LayoutInflater.createView(LayoutInflater.java:881)
04-09 12:21:19.504 12512 12512 W ResourcesCompat: at android.view.LayoutInflater.createViewFromTag(LayoutInflater.java:1033)
04-09 12:21:19.504 12512 12512 W ResourcesCompat: at android.view.LayoutInflater.createViewFromTag(LayoutInflater.java:988)
04-09 12:21:19.504 12512 12512 W ResourcesCompat: at android.view.LayoutInflater.rInflate(LayoutInflater.java:1150)
04-09 12:21:19.504 12512 12512 W ResourcesCompat: at android.view.LayoutInflater.rInflateChildren(LayoutInflater.java:1111)
04-09 12:21:19.504 12512 12512 W ResourcesCompat: at android.view.LayoutInflater.rInflate(LayoutInflater.java:1153)
04-09 12:21:19.504 12512 12512 W ResourcesCompat: at android.view.LayoutInflater.rInflateChildren(LayoutInflater.java:1111)
04-09 12:21:19.504 12512 12512 W ResourcesCompat: at android.view.LayoutInflater.rInflate(LayoutInflater.java:1153)
04-09 12:21:19.504 12512 12512 W ResourcesCompat: at android.view.LayoutInflater.rInflateChildren(LayoutInflater.java:1111)
04-09 12:21:19.504 12512 12512 W ResourcesCompat: at android.view.LayoutInflater.inflate(LayoutInflater.java:709)
04-09 12:21:19.504 12512 12512 W ResourcesCompat: at android.view.LayoutInflater.inflate(LayoutInflater.java:547)
04-09 12:21:19.504 12512 12512 W ResourcesCompat: at android.view.LayoutInflater.inflate(LayoutInflater.java:485)
04-09 12:21:19.504 12512 12512 W ResourcesCompat: at androidx.appcompat.app.AppCompatDelegateImpl.setContentView(AppCompatDelegateImpl.j ava:710)
04-09 12:21:19.504 12512 12512 W ResourcesCompat: at androidx.appcompat.app.AppCompatActivity.setContentView(AppCompatActivity.java:195)
04-09 12:21:19.504 12512 12512 W ResourcesCompat: at com.smartvlogger.Activity.SettingsActivity.onCreate(SettingsActivity.java:86)
04-09 12:21:19.504 12512 12512 W ResourcesCompat: at android.app.Activity.performCreate(Activity.java:8178)
04-09 12:21:19.504 12512 12512 W ResourcesCompat: at android.app.Activity.performCreate(Activity.java:8146)
04-09 12:21:19.504 12512 12512 W ResourcesCompat: at android.app.Instrumentation.callActivityOnCreate(Instrumentation.java:1330)
04-09 12:21:19.504 12512 12512 W ResourcesCompat: at android.app.ActivityThread.performLaunchActivity(ActivityThread.java:3713)
04-09 12:21:19.504 12512 12512 W ResourcesCompat: at android.app.ActivityThread.handleLaunchActivity(ActivityThread.java:3907)
04-09 12:21:19.504 12512 12512 W ResourcesCompat: at android.app.servertransaction.LaunchActivityItem.execute(LaunchActivityItem.java:10 3)
04-09 12:21:19.504 12512 12512 W ResourcesCompat: at android.app.servertransaction.TransactionExecutor.executeCallbacks(TransactionExecu tor.java:135)
04-09 12:21:19.504 12512 12512 W ResourcesCompat: at android.app.servertransaction.TransactionExecutor.execute(TransactionExecutor.java: 95)
04-09 12:21:19.504 12512 12512 W ResourcesCompat: at android.app.ActivityThread$H.handleMessage(ActivityThread.java:2260)
04-09 12:21:19.504 12512 12512 W ResourcesCompat: at android.os.Handler.dispatchMessage(Handler.java:106)
04-09 12:21:19.504 12512 12512 W ResourcesCompat: at android.os.Looper.loopOnce(Looper.java:210)
04-09 12:21:19.504 12512 12512 W ResourcesCompat: at android.os.Looper.loop(Looper.java:299)
04-09 12:21:19.504 12512 12512 W ResourcesCompat: at android.app.ActivityThread.main(ActivityThread.java:8168)
04-09 12:21:19.504 12512 12512 W ResourcesCompat: at java.lang.reflect.Method.invoke(Native Method)
04-09 12:21:19.504 12512 12512 W ResourcesCompat: at com.android.internal.os.RuntimeInit$MethodAndArgsCaller.run(RuntimeInit.java:556)
04-09 12:21:19.504 12512 12512 W ResourcesCompat: at com.android.internal.os.ZygoteInit.main(ZygoteInit.java:1037)
04-09 12:21:19.543 12512 12512 D DynamitePackage: Instantiating com.google.android.gms.ads.ChimeraAdManagerCreatorImpl
04-09 12:21:19.546 12512 12512 I Ads : Use RequestConfiguration.Builder().setTestDeviceIds(Arrays.asList("98AB589C581D29F143DB D2A0BAFD0D2C")) to get test ads on this device.
04-09 12:21:19.560 12512 13527 E .videorecordin: Attempt to load writable dex file: /data/user/0/com.corepix.videorecording/cache/1731536186208.jar
04-09 12:21:19.560 12512 13527 W ziparchive: Unable to open '/data/user/0/com.corepix.videorecording/cache/1731536186208.dm': No such file or directory
04-09 12:21:19.581 12512 12571 E .videorecordin: No package ID 76 found for ID 0x760b000f.
04-09 12:21:19.600 12512 13539 I AudioManager: In isSpeakerphoneOn(), calling application: com.corepix.videorecording
04-09 12:21:19.604 12512 12512 W ServiceBindIntentUtils: Dynamic lookup for intent failed for action: com.google.android.gms.ads.service.CACHE
04-09 12:21:19.620 12512 12512 D grid : OFF
04-09 12:21:19.621 12512 12512 D grid : 3*3
04-09 12:21:19.621 12512 12512 D grid : 4*4
04-09 12:21:19.631 12512 13580 W ServiceBindIntentUtils: Dynamic lookup for intent failed for action: com.google.android.gms.ads.service.START
04-09 12:21:19.716 12512 12512 D DecorView[]: onWindowFocusChanged hasWindowFocus false
04-09 12:21:19.750 12512 13571 E .videorecordin: Attempt to load writable dex file: /data/user/0/com.corepix.videorecording/app_pccache/5/ECED5B2D06F163B564BC6B6C8B1C7 EE673EB398C/pcam.jar
04-09 12:21:19.750 12512 13571 W ziparchive: Unable to open '/data/user/0/com.corepix.videorecording/app_pccache/5/ECED5B2D06F163B564BC6B6C8B1C 7EE673EB398C/pcam.dm': No such file or directory
04-09 12:21:19.763 12512 12512 D DecorView[]: onWindowFocusChanged hasWindowFocus true
04-09 12:21:19.778 12512 13571 D nativeloader: Configuring clns-13 for other apk . target_sdk_version=34, uses_libraries=ALL, library_path=, permitted_path=/data:/mnt/expand
04-09 12:21:19.778 12512 13571 D nativeloader: Extending system_exposed_libraries: libvraudio_client.qti.so:libbinauralrenderer_wrapper.qti.so:libhoaeffects.qti.so:li bQOC.qti.so:libcamera_algoup_jni.xiaomi.so:libcamera_mianode_jni.xiaomi.so:libupdat eprof.qti.so:libthermalclient.qti.so:libQOC.qti.so:libdiag_system.qti.so:libqape.qt i.so:libqesdk_ndk_platform.qti.so:liblistenjni.qti.so
04-09 12:21:19.784 12512 13571 D nativeloader: Load /data/user/0/com.corepix.videorecording/app_pccache/5/ECED5B2D06F163B564BC6B6C8B1C7 EE673EB398C/pcam.jar!/libdA1E5CE910BDC.so using isolated ns clns-13 (caller=/data/user/0/com.corepix.videorecording/app_pccache/5/ECED5B2D06F163B564BC6 B6C8B1C7EE673EB398C/pcam.jar): ok
04-09 12:21:19.774 12512 12512 W pool-22-thread-: type=1400 audit(0.0:12530): avc: granted { execute } for path="/data/data/com.corepix.videorecording/app_pccache/5/ECED5B2D06F163B564BC6B6C8 B1C7EE673EB398C/pcam.jar" dev="dm-10" ino=2764769 scontext=u:r:untrusted_app:s0:c210,c259,c512,c768 tcontext=u:object_r:app_data_file:s0:c210,c259,c512,c768 tclass=file app=com.corepix.videorecording
04-09 12:21:19.910 12512 12512 I Ads : Ad failed to load : 0
04-09 12:21:26.150 12512 12512 D MIUIInput: [KeyEvent] ViewRootImpl KeyEvent { action=ACTION_DOWN, keyCode=KEYCODE_BACK, scanCode=0, metaState=0, flags=0x8, repeatCount=0, eventTime=23006345, downTime=23006345, deviceId=-1, source=0x101, displayId=0 }
04-09 12:21:26.152 12512 12512 D MIUIInput: [KeyEvent] ViewRootImpl KeyEvent { action=ACTION_UP, keyCode=KEYCODE_BACK, scanCode=0, metaState=0, flags=0x8, repeatCount=0, eventTime=23006345, downTime=23006345, deviceId=-1, source=0x101, displayId=0 }
04-09 12:21:26.203 12512 12512 E Adapter : Size of list 1
04-09 12:21:26.228 12512 12512 D DecorView[]: onWindowFocusChanged hasWindowFocus false
04-09 12:21:26.282 12512 12512 D DecorView[]: onWindowFocusChanged hasWindowFocus true
04-09 12:21:27.253 12512 12512 D IS_CTS_MODE: false
04-09 12:21:27.253 12512 12512 D MULTI_WINDOW_SWITCH_ENABLED: false
04-09 12:21:27.254 12512 12512 D DecorView[]: getWindowModeFromSystem windowmode is 1
04-09 12:21:27.272 12512 12512 D checkwidth: 1080
04-09 12:21:27.278 12512 12512 D IS_CTS_MODE: false
04-09 12:21:27.278 12512 12512 D MULTI_WINDOW_SWITCH_ENABLED: false
04-09 12:21:27.319 12512 12512 W ContextImpl: Failed to ensure /storage/7850-09E1/Android/media/com.corepix.videorecording: android.os.ServiceSpecificException: (code -30)
04-09 12:21:27.407 12512 12512 W RecyclerView: No adapter attached; skipping layout
04-09 12:21:27.423 12512 12512 D DecorView[]: onWindowFocusChanged hasWindowFocus false
04-09 12:21:27.531 12512 12512 D DecorView[]: onWindowFocusChanged hasWindowFocus true
04-09 12:21:27.736 12512 12512 D DecorView[]: onWindowFocusChanged hasWindowFocus true
04-09 12:21:29.490 12512 12512 D MIUIInput: [KeyEvent] ViewRootImpl KeyEvent { action=ACTION_DOWN, keyCode=KEYCODE_BACK, scanCode=0, metaState=0, flags=0x8, repeatCount=0, eventTime=23009688, downTime=23009688, deviceId=-1, source=0x101, displayId=0 }
04-09 12:21:29.495 12512 12512 D MIUIInput: [KeyEvent] ViewRootImpl KeyEvent { action=ACTION_UP, keyCode=KEYCODE_BACK, scanCode=0, metaState=0, flags=0x8, repeatCount=0, eventTime=23009688, downTime=23009688, deviceId=-1, source=0x101, displayId=0 }
04-09 12:21:29.524 12512 12512 E Adapter : Size of list 1
04-09 12:21:29.565 12512 12512 D DecorView[]: onWindowFocusChanged hasWindowFocus false
04-09 12:21:29.589 12512 12512 D DecorView[]: onWindowFocusChanged hasWindowFocus true
04-09 12:21:29.924 12512 12512 E chromium: [ERROR:aw_browser_terminator.cc(165)] Renderer process (13590) crash detected (code -1).
04-09 12:21:30.867 12512 12512 D IS_CTS_MODE: false
04-09 12:21:30.867 12512 12512 D MULTI_WINDOW_SWITCH_ENABLED: false
04-09 12:21:30.879 12512 12512 D DecorView[]: updateDecorCaptionStatus displayWindowDecor is false
04-09 12:21:30.942 12512 12512 D DecorView[]: onWindowFocusChanged hasWindowFocus false
04-09 12:21:30.980 12512 12512 D DecorView[]: onWindowFocusChanged hasWindowFocus true
04-09 12:21:32.885 12512 12512 D IS_CTS_MODE: false
04-09 12:21:32.885 12512 12512 D MULTI_WINDOW_SWITCH_ENABLED: false
04-09 12:21:32.887 12512 12512 D DecorView[]: getWindowModeFromSystem windowmode is 1
04-09 12:21:32.937 12512 12512 D DecorView[]: onWindowFocusChanged hasWindowFocus false
04-09 12:21:32.950 12512 12512 D DecorView[]: onWindowFocusChanged hasWindowFocus true
04-09 12:21:33.811 12512 12512 D CompatibilityChangeReporter: Compat change id reported: 163400105; UID 10978; state: ENABLED
04-09 12:21:33.812 12512 12512 D InputMethodManager: showSoftInput() view=androidx.appcompat.widget.AppCompatEditText{630908c VFED..CL. .F.P..ID 27,27- 965,1782 #7f0a027f app:id/scriptData aid=1073741825} flags=0 reason=SHOW_SOFT_INPUT
04-09 12:21:33.846 12512 12512 I AssistStructure: Flattened final assist data: 2556 bytes, containing 1 windows, 16 views
04-09 12:21:34.018 12512 12512 D InsetsController: show(ime(), fromIme=true)
04-09 12:21:34.829 12512 12512 D check : 1
04-09 12:21:34.862 12512 12512 D check : 2
04-09 12:21:35.040 12512 12512 D check : 3
04-09 12:21:35.079 12512 12512 D check : 4
04-09 12:21:35.242 12512 12512 D check : 5
04-09 12:21:35.286 12512 12512 D check : 6
04-09 12:21:35.404 12512 12512 D check : 7
04-09 12:21:35.439 12512 12512 D check : 8
04-09 12:21:35.649 12512 12512 D check : 9
04-09 12:21:35.691 12512 12512 D check : 10
04-09 12:21:35.911 12512 12512 D check : 11
04-09 12:21:35.941 12512 12512 D check : 12
04-09 12:21:36.142 12512 12512 D check : 13
04-09 12:21:36.179 12512 12512 D check : 14
04-09 12:21:36.353 12512 12512 D check : 15
04-09 12:21:36.399 12512 12512 D check : 16
04-09 12:21:36.541 12512 12512 D check : 17
04-09 12:21:36.582 12512 12512 D check : 17
04-09 12:21:36.586 12512 12512 D check : 18
04-09 12:21:36.775 12512 12512 D check : 19
04-09 12:21:36.868 12512 12512 D check : 19
04-09 12:21:36.871 12512 12512 E SpannableStringBuilder: SPAN_EXCLUSIVE_EXCLUSIVE spans cannot have a zero length
04-09 12:21:36.871 12512 12512 E SpannableStringBuilder: SPAN_EXCLUSIVE_EXCLUSIVE spans cannot have a zero length
04-09 12:21:36.871 12512 12512 E SpannableStringBuilder: SPAN_EXCLUSIVE_EXCLUSIVE spans cannot have a zero length
04-09 12:21:36.871 12512 12512 E SpannableStringBuilder: SPAN_EXCLUSIVE_EXCLUSIVE spans cannot have a zero length
04-09 12:21:36.991 12512 12512 D check : 20
04-09 12:21:37.019 12512 12512 D check : 21
04-09 12:21:37.148 12512 12512 D check : 23
04-09 12:21:37.210 12512 12512 D check : 24
04-09 12:21:37.350 12512 12512 D check : 25
04-09 12:21:37.423 12512 12512 D check : 26
04-09 12:21:37.602 12512 12512 D check : 26
04-09 12:21:37.636 12512 12512 D check : 27
04-09 12:21:37.639 12512 12512 D check : 28
04-09 12:21:37.866 12512 12512 D check : 29
04-09 12:21:37.910 12512 12512 D check : 30
04-09 12:21:38.077 12512 12512 D check : 31
04-09 12:21:38.110 12512 12512 D check : 32
04-09 12:21:38.228 12512 12512 D check : 33
04-09 12:21:38.276 12512 12512 D check : 34
04-09 12:21:38.775 12512 12512 D InputMethodManager: showSoftInput() view=androidx.appcompat.widget.AppCompatEditText{a8d9bde VFED..CL. .F.P..ID 0,48- 992,164 #7f0a0281 app:id/scriptTitle aid=1073741824} flags=0 reason=SHOW_SOFT_INPUT
04-09 12:21:38.813 12512 12512 W IInputConnectionWrapper: setComposingText on inactive InputConnection
04-09 12:21:38.845 12512 12512 D InsetsController: show(ime(), fromIme=true)
04-09 12:21:38.856 12512 12512 D InsetsController: show(ime(), fromIme=true)
04-09 12:21:40.383 12512 12512 D IS_CTS_MODE: false
04-09 12:21:40.383 12512 12512 D MULTI_WINDOW_SWITCH_ENABLED: false
04-09 12:21:40.427 12512 12512 D arraylist: [{"arrayList": [],"id":1,"setLastRecordedVideoName":0},{"arrayList": [],"id":2,"setLastRecordedVideoName":0}]
04-09 12:21:40.447 12512 12512 D check : 0
04-09 12:21:40.540 12512 12512 D DecorView[]: onWindowFocusChanged hasWindowFocus false
04-09 12:21:40.564 12512 12512 E Adapter : Size of list 2
04-09 12:21:40.642 12512 12512 D DecorView[]: onWindowFocusChanged hasWindowFocus true
04-09 12:21:42.152 12512 12512 D IS_CTS_MODE: false
04-09 12:21:42.152 12512 12512 D MULTI_WINDOW_SWITCH_ENABLED: false
04-09 12:21:42.153 12512 12512 D DecorView[]: getWindowModeFromSystem windowmode is 1
04-09 12:21:42.163 12512 12512 D checkwidth: 1080
04-09 12:21:42.167 12512 12512 D IS_CTS_MODE: false
04-09 12:21:42.167 12512 12512 D MULTI_WINDOW_SWITCH_ENABLED: false
04-09 12:21:42.193 12512 12512 W ContextImpl: Failed to ensure /storage/7850-09E1/Android/media/com.corepix.videorecording: android.os.ServiceSpecificException: (code -30)
04-09 12:21:42.272 12512 12512 W RecyclerView: No adapter attached; skipping layout
04-09 12:21:42.285 12512 12512 D DecorView[]: onWindowFocusChanged hasWindowFocus false
04-09 12:21:42.388 12512 12512 D DecorView[]: onWindowFocusChanged hasWindowFocus true
04-09 12:21:42.611 12512 12512 D DecorView[]: onWindowFocusChanged hasWindowFocus true
04-09 12:21:47.003 12512 12512 D call : On create
04-09 12:21:47.004 12512 12512 D IS_CTS_MODE: false
04-09 12:21:47.004 12512 12512 D MULTI_WINDOW_SWITCH_ENABLED: false
04-09 12:21:47.005 12512 12512 D DecorView[]: getWindowModeFromSystem windowmode is 1
04-09 12:21:47.009 12512 12512 W libc : Access denied finding property "vendor.camera.aux.packagelist"
04-09 12:21:47.011 12512 12512 W libc : Access denied finding property "vendor.camera.aux.packagelist"
04-09 12:21:47.037 12512 12512 E oru : potr
04-09 12:21:47.043 12512 12512 D call : On Resume
04-09 12:21:47.044 12512 12512 E TAG : تبنقنقنقنبقننقمقق بddijdhr fdjdjhf
04-09 12:21:47.045 12512 12512 D test : 392 822
04-09 12:21:47.045 12512 12512 D test : width= 1080 height= 2263
04-09 12:21:47.061 12512 13724 W libc : Access denied finding property "vendor.camera.aux.packagelist"
04-09 12:21:47.061 12512 13724 W libc : Access denied finding property "vendor.camera.aux.packagelist"
04-09 12:21:47.062 12512 13724 W libc : Access denied finding property "vendor.camera.aux.packagelist"
04-09 12:21:47.063 12512 12512 D DecorView[]: getWindowModeFromSystem windowmode is 1
04-09 12:21:47.063 12512 12512 D DecorView[]: updateDecorCaptionStatus displayWindowDecor is false
04-09 12:21:47.063 12512 13724 W libc : Access denied finding property "vendor.camera.aux.packagelist"
04-09 12:21:47.065 12512 13724 W libc : Access denied finding property "vendor.camera.aux.packagelist"
04-09 12:21:47.070 12512 12512 D event : 3
04-09 12:21:47.082 12512 12512 D checklines: main height =447
04-09 12:21:47.082 12512 12512 D checklines: 223
04-09 12:21:47.082 12512 12512 D checklines: max= 447
04-09 12:21:47.082 12512 12512 D checklines: lines = 2 onewordheight =103 textheight = 446 totalheight700 scrollview geight = 1146
04-09 12:21:47.086 12512 12512 D SurfaceView: UPDATE null, mIsCastMode = false
04-09 12:21:47.102 12512 12512 D DecorView[]: onWindowFocusChanged hasWindowFocus false
04-09 12:21:47.133 12512 12512 D DecorView[]: onWindowFocusChanged hasWindowFocus true
04-09 12:21:47.282 12512 13724 W BpBinder: Slow Binder: BpBinder transact took 212 ms, interface=android.hardware.ICameraService, code=3 oneway=false
04-09 12:21:47.288 12512 13724 W libc : Access denied finding property "vendor.camera.aux.packagelist"
04-09 12:21:47.289 12512 13724 W libc : Access denied finding property "vendor.camera.aux.packagelist"
04-09 12:21:47.291 12512 13724 W libc : Access denied finding property "vendor.camera.aux.packagelist"
04-09 12:21:47.296 12512 13724 W libc : Access denied finding property "vendor.camera.aux.packagelist"
04-09 12:21:47.373 12512 12520 W .videorecordin: Cleared Reference was only reachable from finalizer (only reported once)
04-09 12:21:47.537 12512 13724 W BpBinder: Slow Binder: BpBinder transact took 224 ms, interface=android.hardware.ICamera, code=5 oneway=false
04-09 12:22:01.735 12512 12512 D checklines: 223
04-09 12:22:01.735 12512 12512 D checklines: max= 447
04-09 12:22:01.735 12512 12512 D checklines: lines = 2 onewordheight =103 textheight = 446 totalheight754 scrollview geight = 1200
04-09 12:22:01.735 12512 12512 D checklines: max= 447
04-09 12:22:01.735 12512 12512 D speedScrollViw: delay =27
04-09 12:22:01.735 12512 12512 D speedScrollViw: period =27
04-09 12:22:01.737 12512 12512 D speedScrollViw: delay =27
04-09 12:22:01.737 12512 12512 D speedScrollViw: period =27
04-09 12:22:01.796 12512 12512 D checklines: moveScrollView to 1 to 447 : 1
04-09 12:22:01.831 12512 12512 D checklines: moveScrollView to 1 to 447 : 2
04-09 12:22:01.867 12512 12512 D checklines: moveScrollView to 1 to 447 : 3
04-09 12:22:01.868 12512 12512 D checklines: moveScrollView to 1 to 447 : 4
04-09 12:22:01.902 12512 12512 D checklines: moveScrollView to 1 to 447 : 5
04-09 12:22:01.938 12512 12512 D checklines: moveScrollView to 1 to 447 : 6
04-09 12:22:01.973 12512 12512 D checklines: moveScrollView to 1 to 447 : 7
04-09 12:22:02.012 12512 12512 D checklines: moveScrollView to 1 to 447 : 8
04-09 12:22:02.046 12512 12512 D checklines: moveScrollView to 1 to 447 : 9
04-09 12:22:02.046 12512 12512 D checklines: moveScrollView to 1 to 447 : 10
04-09 12:22:02.083 12512 12512 D checklines: moveScrollView to 1 to 447 : 11
04-09 12:22:02.122 12512 12512 D checklines: moveScrollView to 1 to 447 : 12
04-09 12:22:02.122 12512 12512 D checklines: moveScrollView to 1 to 447 : 13
04-09 12:22:02.162 12512 12512 D checklines: moveScrollView to 1 to 447 : 14
04-09 12:22:02.184 12512 12512 D checklines: moveScrollView to 1 to 447 : 15
04-09 12:22:02.204 12512 12512 D checklines: moveScrollView to 1 to 447 : 16
04-09 12:22:02.231 12512 12512 D checklines: moveScrollView to 1 to 447 : 17
04-09 12:22:02.231 12512 12512 D checklines: moveScrollView to 1 to 447 : 18
04-09 12:22:02.257 12512 12512 D checklines: moveScrollView to 1 to 447 : 19
04-09 12:22:02.285 12512 12512 D checklines: moveScrollView to 1 to 447 : 20
04-09 12:22:02.319 12512 12512 D checklines: moveScrollView to 1 to 447 : 21
04-09 12:22:02.341 12512 12512 D checklines: moveScrollView to 1 to 447 : 22
04-09 12:22:02.367 12512 12512 D checklines: moveScrollView to 1 to 447 : 23
04-09 12:22:02.404 12512 12512 D checklines: moveScrollView to 1 to 447 : 24
04-09 12:22:02.425 12512 12512 D checklines: moveScrollView to 1 to 447 : 25
04-09 12:22:02.451 12512 12512 D checklines: moveScrollView to 1 to 447 : 26
04-09 12:22:02.475 12512 12512 D checklines: moveScrollView to 1 to 447 : 27
04-09 12:22:02.503 12512 12512 D checklines: moveScrollView to 1 to 447 : 28
04-09 12:22:02.532 12512 12512 D checklines: moveScrollView to 1 to 447 : 29
04-09 12:22:02.557 12512 12512 D checklines: moveScrollView to 1 to 447 : 30
04-09 12:22:02.584 12512 12512 D checklines: moveScrollView to 1 to 447 : 31
04-09 12:22:02.615 12512 12512 D checklines: moveScrollView to 1 to 447 : 32
04-09 12:22:02.639 12512 12512 D checklines: moveScrollView to 1 to 447 : 33
04-09 12:22:02.666 12512 12512 D checklines: moveScrollView to 1 to 447 : 34
04-09 12:22:02.701 12512 12512 D checklines: moveScrollView to 1 to 447 : 35
04-09 12:22:02.722 12512 12512 D checklines: moveScrollView to 1 to 447 : 36
04-09 12:22:02.752 12512 12512 D checklines: moveScrollView to 1 to 447 : 37
04-09 12:22:02.784 12512 12512 D checklines: moveScrollView to 1 to 447 : 38
04-09 12:22:02.804 12512 12512 D checklines: moveScrollView to 1 to 447 : 39
04-09 12:22:02.835 12512 12512 D checklines: moveScrollView to 1 to 447 : 40
04-09 12:22:02.868 12512 12512 D checklines: moveScrollView to 1 to 447 : 41
04-09 12:22:02.886 12512 12512 D checklines: moveScrollView to 1 to 447 : 42
04-09 12:22:02.918 12512 12512 D checklines: moveScrollView to 1 to 447 : 43
04-09 12:22:02.941 12512 12512 D checklines: moveScrollView to 1 to 447 : 44
04-09 12:22:02.969 12512 12512 D checklines: moveScrollView to 1 to 447 : 45
04-09 12:22:03.002 12512 12512 D checklines: moveScrollView to 1 to 447 : 46
04-09 12:22:03.024 12512 12512 D checklines: moveScrollView to 1 to 447 : 47
04-09 12:22:03.052 12512 12512 D checklines: moveScrollView to 1 to 447 : 48
04-09 12:22:03.086 12512 12512 D checklines: moveScrollView to 1 to 447 : 49
04-09 12:22:03.107 12512 12512 D checklines: moveScrollView to 1 to 447 : 50
04-09 12:22:03.133 12512 12512 D checklines: moveScrollView to 1 to 447 : 51
04-09 12:22:03.169 12512 12512 D checklines: moveScrollView to 1 to 447 : 52
04-09 12:22:03.190 12512 12512 D checklines: moveScrollView to 1 to 447 : 53
04-09 12:22:03.219 12512 12512 D checklines: moveScrollView to 1 to 447 : 54
04-09 12:22:03.254 12512 12512 D checklines: moveScrollView to 1 to 447 : 55
04-09 12:22:03.273 12512 12512 D checklines: moveScrollView to 1 to 447 : 56
04-09 12:22:03.299 12512 12512 D checklines: moveScrollView to 1 to 447 : 57
04-09 12:22:03.336 12512 12512 D checklines: moveScrollView to 1 to 447 : 58
04-09 12:22:03.355 12512 12512 D checklines: moveScrollView to 1 to 447 : 59
04-09 12:22:03.383 12512 12512 D checklines: moveScrollView to 1 to 447 : 60
04-09 12:22:03.426 12512 12512 D checklines: moveScrollView to 1 to 447 : 61
04-09 12:22:03.443 12512 12512 D checklines: moveScrollView to 1 to 447 : 62
04-09 12:22:03.467 12512 12512 D checklines: moveScrollView to 1 to 447 : 63
04-09 12:22:03.492 12512 12512 D checklines: moveScrollView to 1 to 447 : 64
04-09 12:22:03.520 12512 12512 D checklines: moveScrollView to 1 to 447 : 65
04-09 12:22:03.554 12512 12512 D checklines: moveScrollView to 1 to 447 : 66
04-09 12:22:03.575 12512 12512 D checklines: moveScrollView to 1 to 447 : 67
04-09 12:22:03.602 12512 12512 D checklines: moveScrollView to 1 to 447 : 68
04-09 12:22:03.635 12512 12512 D checklines: moveScrollView to 1 to 447 : 69
04-09 12:22:03.656 12512 12512 D checklines: moveScrollView to 1 to 447 : 70
04-09 12:22:03.685 12512 12512 D checklines: moveScrollView to 1 to 447 : 71
04-09 12:22:03.717 12512 12512 D checklines: moveScrollView to 1 to 447 : 72
04-09 12:22:03.739 12512 12512 D checklines: moveScrollView to 1 to 447 : 73
04-09 12:22:03.767 12512 12512 D checklines: moveScrollView to 1 to 447 : 74
04-09 12:22:03.801 12512 12512 D checklines: moveScrollView to 1 to 447 : 75
04-09 12:22:03.823 12512 12512 D checklines: moveScrollView to 1 to 447 : 76
04-09 12:22:03.851 12512 12512 D checklines: moveScrollView to 1 to 447 : 77
04-09 12:22:03.875 12512 12512 D checklines: moveScrollView to 1 to 447 : 78
04-09 12:22:03.901 12512 12512 D checklines: moveScrollView to 1 to 447 : 79
04-09 12:22:03.938 12512 12512 D checklines: moveScrollView to 1 to 447 : 80
04-09 12:22:03.956 12512 12512 D checklines: moveScrollView to 1 to 447 : 81
04-09 12:22:03.983 12512 12512 D checklines: moveScrollView to 1 to 447 : 82
04-09 12:22:04.019 12512 12512 D checklines: moveScrollView to 1 to 447 : 83
04-09 12:22:04.040 12512 12512 D checklines: moveScrollView to 1 to 447 : 84
04-09 12:22:04.068 12512 12512 D checklines: moveScrollView to 1 to 447 : 85
04-09 12:22:04.101 12512 12512 D checklines: moveScrollView to 1 to 447 : 86
04-09 12:22:04.123 12512 12512 D checklines: moveScrollView to 1 to 447 : 87
04-09 12:22:04.154 12512 12512 D checklines: moveScrollView to 1 to 447 : 88
04-09 12:22:04.186 12512 12512 D checklines: moveScrollView to 1 to 447 : 89
04-09 12:22:04.206 12512 12512 D checklines: moveScrollView to 1 to 447 : 90
04-09 12:22:04.234 12512 12512 D checklines: moveScrollView to 1 to 447 : 91
04-09 12:22:04.269 12512 12512 D checklines: moveScrollView to 1 to 447 : 92
04-09 12:22:04.286 12512 12512 D checklines: moveScrollView to 1 to 447 : 93
04-09 12:22:04.320 12512 12512 D checklines: moveScrollView to 1 to 447 : 94
04-09 12:22:04.341 12512 12512 D checklines: moveScrollView to 1 to 447 : 95
04-09 12:22:04.369 12512 12512 D checklines: moveScrollView to 1 to 447 : 96
04-09 12:22:04.403 12512 12512 D checklines: moveScrollView to 1 to 447 : 97
04-09 12:22:04.423 12512 12512 D checklines: moveScrollView to 1 to 447 : 98
04-09 12:22:04.452 12512 12512 D checklines: moveScrollView to 1 to 447 : 99
04-09 12:22:04.481 12512 12512 D checklines: moveScrollView to 1 to 447 : 100
04-09 12:22:04.505 12512 12512 D checklines: moveScrollView to 1 to 447 : 101
04-09 12:22:04.536 12512 12512 D checklines: moveScrollView to 1 to 447 : 102
04-09 12:22:04.568 12512 12512 D checklines: moveScrollView to 1 to 447 : 103
04-09 12:22:04.589 12512 12512 D checklines: moveScrollView to 1 to 447 : 104
04-09 12:22:04.617 12512 12512 D checklines: moveScrollView to 1 to 447 : 105
04-09 12:22:04.643 12512 12512 D checklines: moveScrollView to 1 to 447 : 106
04-09 12:22:04.670 12512 12512 D checklines: moveScrollView to 1 to 447 : 107
04-09 12:22:04.701 12512 12512 D checklines: moveScrollView to 1 to 447 : 108
04-09 12:22:04.727 12512 12512 D checklines: moveScrollView to 1 to 447 : 109
04-09 12:22:04.756 12512 12512 D checklines: moveScrollView to 1 to 447 : 110
04-09 12:22:04.784 12512 12512 D checklines: moveScrollView to 1 to 447 : 111
04-09 12:22:04.819 12512 12512 D checklines: moveScrollView to 1 to 447 : 112
04-09 12:22:04.837 12512 12512 D checklines: moveScrollView to 1 to 447 : 113
04-09 12:22:04.868 12512 12512 D checklines: moveScrollView to 1 to 447 : 114
04-09 12:22:04.893 12512 12512 D checklines: moveScrollView to 1 to 447 : 115
04-09 12:22:04.920 12512 12512 D checklines: moveScrollView to 1 to 447 : 116
04-09 12:22:04.952 12512 12512 D checklines: moveScrollView to 1 to 447 : 117
04-09 12:22:04.976 12512 12512 D checklines: moveScrollView to 1 to 447 : 118
04-09 12:22:05.004 12512 12512 D checklines: moveScrollView to 1 to 447 : 119
04-09 12:22:05.035 12512 12512 D checklines: moveScrollView to 1 to 447 : 120
04-09 12:22:05.059 12512 12512 D checklines: moveScrollView to 1 to 447 : 121
04-09 12:22:05.085 12512 12512 D checklines: moveScrollView to 1 to 447 : 122
04-09 12:22:05.119 12512 12512 D checklines: moveScrollView to 1 to 447 : 123
04-09 12:22:05.141 12512 12512 D checklines: moveScrollView to 1 to 447 : 124
04-09 12:22:05.168 12512 12512 D checklines: moveScrollView to 1 to 447 : 125
04-09 12:22:05.201 12512 12512 D checklines: moveScrollView to 1 to 447 : 126
04-09 12:22:05.223 12512 12512 D checklines: moveScrollView to 1 to 447 : 127
04-09 12:22:05.250 12512 12512 D checklines: moveScrollView to 1 to 447 : 128
04-09 12:22:05.283 12512 12512 D checklines: moveScrollView to 1 to 447 : 129
04-09 12:22:05.304 12512 12512 D checklines: moveScrollView to 1 to 447 : 130
04-09 12:22:05.336 12512 12512 D checklines: moveScrollView to 1 to 447 : 131
04-09 12:22:05.358 12512 12512 D checklines: moveScrollView to 1 to 447 : 132
04-09 12:22:05.385 12512 12512 D checklines: moveScrollView to 1 to 447 : 133
04-09 12:22:05.420 12512 12512 D checklines: moveScrollView to 1 to 447 : 134
04-09 12:22:05.440 12512 12512 D checklines: moveScrollView to 1 to 447 : 135
04-09 12:22:05.466 12512 12512 D checklines: moveScrollView to 1 to 447 : 136
04-09 12:22:05.502 12512 12512 D checklines: moveScrollView to 1 to 447 : 137
04-09 12:22:05.521 12512 12512 D checklines: moveScrollView to 1 to 447 : 138
04-09 12:22:05.552 12512 12512 D checklines: moveScrollView to 1 to 447 : 139
04-09 12:22:05.584 12512 12512 D checklines: moveScrollView to 1 to 447 : 140
04-09 12:22:05.604 12512 12512 D checklines: moveScrollView to 1 to 447 : 141
04-09 12:22:05.632 12512 12512 D checklines: moveScrollView to 1 to 447 : 142
04-09 12:22:05.658 12512 12512 D checklines: moveScrollView to 1 to 447 : 143
04-09 12:22:05.684 12512 12512 D checklines: moveScrollView to 1 to 447 : 144
04-09 12:22:05.721 12512 12512 D checklines: moveScrollView to 1 to 447 : 145
04-09 12:22:05.740 12512 12512 D checklines: moveScrollView to 1 to 447 : 146
04-09 12:22:05.767 12512 12512 D checklines: moveScrollView to 1 to 447 : 147
04-09 12:22:05.800 12512 12512 D checklines: moveScrollView to 1 to 447 : 148
04-09 12:22:05.821 12512 12512 D checklines: moveScrollView to 1 to 447 : 149
04-09 12:22:05.852 12512 12512 D checklines: moveScrollView to 1 to 447 : 150
04-09 12:22:05.876 12512 12512 D checklines: moveScrollView to 1 to 447 : 151
04-09 12:22:05.903 12512 12512 D checklines: moveScrollView to 1 to 447 : 152
04-09 12:22:05.935 12512 12512 D checklines: moveScrollView to 1 to 447 : 153
04-09 12:22:05.959 12512 12512 D checklines: moveScrollView to 1 to 447 : 154
04-09 12:22:05.986 12512 12512 D checklines: moveScrollView to 1 to 447 : 155
04-09 12:22:06.019 12512 12512 D checklines: moveScrollView to 1 to 447 : 156
04-09 12:22:06.040 12512 12512 D checklines: moveScrollView to 1 to 447 : 157
04-09 12:22:06.069 12512 12512 D checklines: moveScrollView to 1 to 447 : 158
04-09 12:22:06.101 12512 12512 D checklines: moveScrollView to 1 to 447 : 159
04-09 12:22:06.123 12512 12512 D checklines: moveScrollView to 1 to 447 : 160
04-09 12:22:06.148 12512 12512 D checklines: moveScrollView to 1 to 447 : 161
04-09 12:22:06.185 12512 12512 D checklines: moveScrollView to 1 to 447 : 162
04-09 12:22:06.208 12512 12512 D checklines: moveScrollView to 1 to 447 : 163
04-09 12:22:06.232 12512 12512 D checklines: moveScrollView to 1 to 447 : 164
04-09 12:22:06.259 12512 12512 D checklines: moveScrollView to 1 to 447 : 165
04-09 12:22:06.287 12512 12512 D checklines: moveScrollView to 1 to 447 : 166
04-09 12:22:06.320 12512 12512 D checklines: moveScrollView to 1 to 447 : 167
04-09 12:22:06.340 12512 12512 D checklines: moveScrollView to 1 to 447 : 168
04-09 12:22:06.370 12512 12512 D checklines: moveScrollView to 1 to 447 : 169
04-09 12:22:06.402 12512 12512 D checklines: moveScrollView to 1 to 447 : 170
04-09 12:22:06.425 12512 12512 D checklines: moveScrollView to 1 to 447 : 171
04-09 12:22:06.454 12512 12512 D checklines: moveScrollView to 1 to 447 : 172
04-09 12:22:06.481 12512 12512 D checklines: moveScrollView to 1 to 447 : 173
04-09 12:22:06.508 12512 12512 D checklines: moveScrollView to 1 to 447 : 174
04-09 12:22:06.537 12512 12512 D checklines: moveScrollView to 1 to 447 : 175
04-09 12:22:06.568 12512 12512 D checklines: moveScrollView to 1 to 447 : 176
04-09 12:22:06.588 12512 12512 D checklines: moveScrollView to 1 to 447 : 177
04-09 12:22:06.616 12512 12512 D checklines: moveScrollView to 1 to 447 : 178
04-09 12:22:06.643 12512 12512 D checklines: moveScrollView to 1 to 447 : 179
04-09 12:22:06.670 12512 12512 D checklines: moveScrollView to 1 to 447 : 180
04-09 12:22:06.704 12512 12512 D checklines: moveScrollView to 1 to 447 : 181
04-09 12:22:06.725 12512 12512 D checklines: moveScrollView to 1 to 447 : 182
04-09 12:22:06.753 12512 12512 D checklines: moveScrollView to 1 to 447 : 183
04-09 12:22:06.785 12512 12512 D checklines: moveScrollView to 1 to 447 : 184
04-09 12:22:06.806 12512 12512 D checklines: moveScrollView to 1 to 447 : 185
04-09 12:22:06.836 12512 12512 D checklines: moveScrollView to 1 to 447 : 186
04-09 12:22:06.869 12512 12512 D checklines: moveScrollView to 1 to 447 : 187
04-09 12:22:06.889 12512 12512 D checklines: moveScrollView to 1 to 447 : 188
04-09 12:22:06.916 12512 12512 D checklines: moveScrollView to 1 to 447 : 189
04-09 12:22:06.952 12512 12512 D checklines: moveScrollView to 1 to 447 : 190
04-09 12:22:06.971 12512 12512 D checklines: moveScrollView to 1 to 447 : 191
04-09 12:22:06.998 12512 12512 D checklines: moveScrollView to 1 to 447 : 192
04-09 12:22:07.026 12512 12512 D checklines: moveScrollView to 1 to 447 : 193
04-09 12:22:07.053 12512 12512 D checklines: moveScrollView to 1 to 447 : 194
04-09 12:22:07.082 12512 12512 D checklines: moveScrollView to 1 to 447 : 195
04-09 12:22:07.107 12512 12512 D checklines: moveScrollView to 1 to 447 : 196
04-09 12:22:07.135 12512 12512 D checklines: moveScrollView to 1 to 447 : 197
04-09 12:22:07.169 12512 12512 D checklines: moveScrollView to 1 to 447 : 198
04-09 12:22:07.190 12512 12512 D checklines: moveScrollView to 1 to 447 : 199
04-09 12:22:07.214 12512 12512 D checklines: moveScrollView to 1 to 447 : 200
04-09 12:22:07.242 12512 12512 D checklines: moveScrollView to 1 to 447 : 201
04-09 12:22:07.269 12512 12512 D checklines: moveScrollView to 1 to 447 : 202
04-09 12:22:07.303 12512 12512 D checklines: moveScrollView to 1 to 447 : 203
04-09 12:22:07.324 12512 12512 D checklines: moveScrollView to 1 to 447 : 204
04-09 12:22:07.352 12512 12512 D checklines: moveScrollView to 1 to 447 : 205
04-09 12:22:07.385 12512 12512 D checklines: moveScrollView to 1 to 447 : 206
04-09 12:22:07.406 12512 12512 D checklines: moveScrollView to 1 to 447 : 207
04-09 12:22:07.434 12512 12512 D checklines: moveScrollView to 1 to 447 : 208
04-09 12:22:07.470 12512 12512 D checklines: moveScrollView to 1 to 447 : 209
04-09 12:22:07.489 12512 12512 D checklines: moveScrollView to 1 to 447 : 210
04-09 12:22:07.518 12512 12512 D checklines: moveScrollView to 1 to 447 : 211
04-09 12:22:07.551 12512 12512 D checklines: moveScrollView to 1 to 447 : 212
04-09 12:22:07.571 12512 12512 D checklines: moveScrollView to 1 to 447 : 213
04-09 12:22:07.601 12512 12512 D checklines: moveScrollView to 1 to 447 : 214
04-09 12:22:07.624 12512 12512 D checklines: moveScrollView to 1 to 447 : 215
04-09 12:22:07.652 12512 12512 D checklines: moveScrollView to 1 to 447 : 216
04-09 12:22:07.683 12512 12512 D checklines: moveScrollView to 1 to 447 : 217
04-09 12:22:07.707 12512 12512 D checklines: moveScrollView to 1 to 447 : 218
04-09 12:22:07.735 12512 12512 D checklines: moveScrollView to 1 to 447 : 219
04-09 12:22:07.766 12512 12512 D checklines: moveScrollView to 1 to 447 : 220
04-09 12:22:07.789 12512 12512 D checklines: moveScrollView to 1 to 447 : 221
04-09 12:22:07.817 12512 12512 D checklines: moveScrollView to 1 to 447 : 222
04-09 12:22:07.853 12512 12512 D checklines: moveScrollView to 1 to 447 : 223
04-09 12:22:07.871 12512 12512 D checklines: moveScrollView to 1 to 447 : 224
04-09 12:22:07.898 12512 12512 D checklines: moveScrollView to 1 to 447 : 225
04-09 12:22:07.925 12512 12512 D checklines: moveScrollView to 1 to 447 : 226
04-09 12:22:07.953 12512 12512 D checklines: moveScrollView to 1 to 447 : 227
04-09 12:22:07.984 12512 12512 D checklines: moveScrollView to 1 to 447 : 228
04-09 12:22:08.009 12512 12512 D checklines: moveScrollView to 1 to 447 : 229
04-09 12:22:08.036 12512 12512 D checklines: moveScrollView to 1 to 447 : 230
04-09 12:22:08.069 12512 12512 D checklines: moveScrollView to 1 to 447 : 231
04-09 12:22:08.090 12512 12512 D checklines: moveScrollView to 1 to 447 : 232
04-09 12:22:08.117 12512 12512 D checklines: moveScrollView to 1 to 447 : 233
04-09 12:22:08.151 12512 12512 D checklines: moveScrollView to 1 to 447 : 234
04-09 12:22:08.172 12512 12512 D checklines: moveScrollView to 1 to 447 : 235
04-09 12:22:08.199 12512 12512 D checklines: moveScrollView to 1 to 447 : 236
04-09 12:22:08.235 12512 12512 D checklines: moveScrollView to 1 to 447 : 237
04-09 12:22:08.255 12512 12512 D checklines: moveScrollView to 1 to 447 : 238
04-09 12:22:08.280 12512 12512 D checklines: moveScrollView to 1 to 447 : 239
04-09 12:22:08.308 12512 12512 D checklines: moveScrollView to 1 to 447 : 240
04-09 12:22:08.336 12512 12512 D checklines: moveScrollView to 1 to 447 : 241
04-09 12:22:08.366 12512 12512 D checklines: moveScrollView to 1 to 447 : 242
04-09 12:22:08.390 12512 12512 D checklines: moveScrollView to 1 to 447 : 243
04-09 12:22:08.419 12512 12512 D checklines: moveScrollView to 1 to 447 : 244
04-09 12:22:08.451 12512 12512 D checklines: moveScrollView to 1 to 447 : 245
04-09 12:22:08.472 12512 12512 D checklines: moveScrollView to 1 to 447 : 246
04-09 12:22:08.504 12512 12512 D moveheight: x=375
04-09 12:22:08.522 12512 12512 D checklines: moveScrollView to 1 to 447 : 247
04-09 12:22:08.537 12512 12512 D checklines: moveScrollView to 1 to 447 : 248
04-09 12:22:08.553 12512 12512 D checklines: moveScrollView to 1 to 447 : 249
04-09 12:22:08.581 12512 12512 D checklines: moveScrollView to 1 to 447 : 250
04-09 12:22:08.581 12512 12512 D moveheight: x=370
04-09 12:22:08.600 12512 12512 D moveheight: x=345
04-09 12:22:08.615 12512 12512 D checklines: moveScrollView to 1 to 447 : 251
04-09 12:22:08.616 12512 12512 D moveheight: x=337
04-09 12:22:08.631 12512 12512 D moveheight: x=337
04-09 12:22:08.644 12512 12512 D checklines: moveScrollView to 1 to 447 : 252
04-09 12:22:08.648 12512 12512 D moveheight: x=337
